{"id":987,"date":"2020-10-31T16:57:03","date_gmt":"2020-10-31T14:57:03","guid":{"rendered":"https:\/\/valdauto.lt\/?post_type=product&#038;p=987"},"modified":"2020-10-31T16:57:04","modified_gmt":"2020-10-31T14:57:04","slug":"mercedes-benz-glc-priekines-pakabos-trauke-desines-puses-a2053301805","status":"publish","type":"product","link":"https:\/\/valdauto.lt\/?product=mercedes-benz-glc-priekines-pakabos-trauke-desines-puses-a2053301805","title":{"rendered":"Mercedes Benz GLC priekin\u0117s pakabos trauk\u0117 de\u0161in\u0117s pus\u0117s A2053301805"},"content":{"rendered":"<p>Mercedes Benz GLC priekin\u0117s pakabos trauk\u0117\u00a0 de\u0161in\u0117s pus\u0117s A2053301805<\/p>\n","protected":false},"excerpt":{"rendered":"<p>Tinka ir kitiems MB modeliams<\/p>\n","protected":false},"featured_media":988,"template":"","meta":{"om_disable_all_campaigns":false,"_monsterinsights_skip_tracking":false,"_monsterinsights_sitenote_active":false,"_monsterinsights_sitenote_note":"","_monsterinsights_sitenote_category":0,"_uf_show_specific_survey":0,"_uf_disable_surveys":false,"slim_seo":{"title":"Mercedes Benz GLC priekin\u0117s pakabos trauk\u0117 A2053301805","description":"Tinka ir kitiems MB modeliams"}},"product_brand":[],"product_cat":[15],"product_tag":[156],"class_list":{"0":"post-987","1":"product","2":"type-product","3":"status-publish","4":"has-post-thumbnail","6":"product_cat-mercedes-benz-pakaba","7":"product_tag-a2053301805","9":"first","10":"instock","11":"taxable","12":"shipping-taxable","13":"purchasable","14":"product-type-simple","15":"berocket_lgv_grid","16":"berocket_lgv_list_grid"},"_links":{"self":[{"href":"https:\/\/valdauto.lt\/index.php?rest_route=\/wp\/v2\/product\/987","targetHints":{"allow":["GET"]}}],"collection":[{"href":"https:\/\/valdauto.lt\/index.php?rest_route=\/wp\/v2\/product"}],"about":[{"href":"https:\/\/valdauto.lt\/index.php?rest_route=\/wp\/v2\/types\/product"}],"version-history":[{"count":1,"href":"https:\/\/valdauto.lt\/index.php?rest_route=\/wp\/v2\/product\/987\/revisions"}],"predecessor-version":[{"id":989,"href":"https:\/\/valdauto.lt\/index.php?rest_route=\/wp\/v2\/product\/987\/revisions\/989"}],"wp:featuredmedia":[{"embeddable":true,"href":"https:\/\/valdauto.lt\/index.php?rest_route=\/wp\/v2\/media\/988"}],"wp:attachment":[{"href":"https:\/\/valdauto.lt\/index.php?rest_route=%2Fwp%2Fv2%2Fmedia&parent=987"}],"wp:term":[{"taxonomy":"product_brand","embeddable":true,"href":"https:\/\/valdauto.lt\/index.php?rest_route=%2Fwp%2Fv2%2Fproduct_brand&post=987"},{"taxonomy":"product_cat","embeddable":true,"href":"https:\/\/valdauto.lt\/index.php?rest_route=%2Fwp%2Fv2%2Fproduct_cat&post=987"},{"taxonomy":"product_tag","embeddable":true,"href":"https:\/\/valdauto.lt\/index.php?rest_route=%2Fwp%2Fv2%2Fproduct_tag&post=987"}],"curies":[{"name":"wp","href":"https:\/\/api.w.org\/{rel}","templated":true}]}}