{"id":84,"date":"2020-07-23T15:59:31","date_gmt":"2020-07-23T13:59:31","guid":{"rendered":"http:\/\/valdauto.lt\/?post_type=product&#038;p=84"},"modified":"2020-07-23T16:00:06","modified_gmt":"2020-07-23T14:00:06","slug":"adblue-pompa-bosch-eom-f01c250151","status":"publish","type":"product","link":"https:\/\/valdauto.lt\/?product=adblue-pompa-bosch-eom-f01c250151","title":{"rendered":"ADBlue pompa Bosch EOM F01C250151"},"content":{"rendered":"<p>ADBlue pompa Bosch EOM F01C250151 originali , tinka daugelis MB modeli\u0173 , i\u0161imta i\u0161 GLC 220D 2018 met\u0173 . Protestuota , dirbanti.<\/p>\n","protected":false},"excerpt":{"rendered":"<p>ADBlue pompa Bosch EOM F01C250151 originali , tinka daugelis MB modeli\u0173 , i\u0161imta i\u0161 GLC 220D 2018 met\u0173 . Protestuota , dirbanti.<\/p>\n","protected":false},"featured_media":89,"template":"","meta":{"om_disable_all_campaigns":false,"_monsterinsights_skip_tracking":false,"_monsterinsights_sitenote_active":false,"_monsterinsights_sitenote_note":"","_monsterinsights_sitenote_category":0,"_uf_show_specific_survey":0,"_uf_disable_surveys":false,"slim_seo":{"title":"ADBlue pompa Bosch EOM F01C250151 - Mercedes benz naudotos dalys","description":"ADBlue pompa Bosch EOM F01C250151 originali , tinka daugelis MB modeli\u0173 , i\u0161imta i\u0161 GLC 220D 2018 met\u0173 . Protestuota , dirbanti."}},"product_brand":[],"product_cat":[33],"product_tag":[35],"class_list":{"0":"post-84","1":"product","2":"type-product","3":"status-publish","4":"has-post-thumbnail","6":"product_cat-mercedes-benz-variklio-dalys","7":"product_tag-f01c250151","9":"first","10":"instock","11":"taxable","12":"shipping-taxable","13":"purchasable","14":"product-type-simple","15":"berocket_lgv_grid","16":"berocket_lgv_list_grid"},"_links":{"self":[{"href":"https:\/\/valdauto.lt\/index.php?rest_route=\/wp\/v2\/product\/84","targetHints":{"allow":["GET"]}}],"collection":[{"href":"https:\/\/valdauto.lt\/index.php?rest_route=\/wp\/v2\/product"}],"about":[{"href":"https:\/\/valdauto.lt\/index.php?rest_route=\/wp\/v2\/types\/product"}],"version-history":[{"count":2,"href":"https:\/\/valdauto.lt\/index.php?rest_route=\/wp\/v2\/product\/84\/revisions"}],"predecessor-version":[{"id":92,"href":"https:\/\/valdauto.lt\/index.php?rest_route=\/wp\/v2\/product\/84\/revisions\/92"}],"wp:featuredmedia":[{"embeddable":true,"href":"https:\/\/valdauto.lt\/index.php?rest_route=\/wp\/v2\/media\/89"}],"wp:attachment":[{"href":"https:\/\/valdauto.lt\/index.php?rest_route=%2Fwp%2Fv2%2Fmedia&parent=84"}],"wp:term":[{"taxonomy":"product_brand","embeddable":true,"href":"https:\/\/valdauto.lt\/index.php?rest_route=%2Fwp%2Fv2%2Fproduct_brand&post=84"},{"taxonomy":"product_cat","embeddable":true,"href":"https:\/\/valdauto.lt\/index.php?rest_route=%2Fwp%2Fv2%2Fproduct_cat&post=84"},{"taxonomy":"product_tag","embeddable":true,"href":"https:\/\/valdauto.lt\/index.php?rest_route=%2Fwp%2Fv2%2Fproduct_tag&post=84"}],"curies":[{"name":"wp","href":"https:\/\/api.w.org\/{rel}","templated":true}]}}