{"id":808,"date":"2020-09-18T15:58:44","date_gmt":"2020-09-18T13:58:44","guid":{"rendered":"https:\/\/valdauto.lt\/?post_type=product&#038;p=808"},"modified":"2020-09-18T15:58:44","modified_gmt":"2020-09-18T13:58:44","slug":"mercedes-benz-glc-c-klases-priekine-konsole-a2536806202","status":"publish","type":"product","link":"https:\/\/valdauto.lt\/?product=mercedes-benz-glc-c-klases-priekine-konsole-a2536806202","title":{"rendered":"Mercedes Benz GLC C klas\u0117s priekin\u0117 konsol\u0117 A2536806202"},"content":{"rendered":"<p>Mercedes Benz GLC C klas\u0117s priekin\u0117 konsol\u0117 A2536806202, juodo matinio med\u017eio<\/p>\n","protected":false},"excerpt":{"rendered":"<p>Tinka C \/ GLC klas\u0117ms. Yra variantai su ap\u0161vietim\u0173 ir be .<\/p>\n","protected":false},"featured_media":809,"template":"","meta":{"om_disable_all_campaigns":false,"_monsterinsights_skip_tracking":false,"_monsterinsights_sitenote_active":false,"_monsterinsights_sitenote_note":"","_monsterinsights_sitenote_category":0,"_uf_show_specific_survey":0,"_uf_disable_surveys":false,"slim_seo":{"title":"Mercedes Benz GLC C klas\u0117s priekin\u0117 konsol\u0117 A2536806202 - Mercedes benz naudotos dalys","description":"Tinka C \/ GLC klas\u0117ms. Yra variantai su ap\u0161vietim\u0173 ir be ."}},"product_brand":[],"product_cat":[31],"product_tag":[136],"class_list":{"0":"post-808","1":"product","2":"type-product","3":"status-publish","4":"has-post-thumbnail","6":"product_cat-mercedes-benz-salono-komforto-aksesuarai","7":"product_tag-a2536806202","9":"first","10":"instock","11":"taxable","12":"shipping-taxable","13":"purchasable","14":"product-type-simple","15":"berocket_lgv_grid","16":"berocket_lgv_list_grid"},"_links":{"self":[{"href":"https:\/\/valdauto.lt\/index.php?rest_route=\/wp\/v2\/product\/808","targetHints":{"allow":["GET"]}}],"collection":[{"href":"https:\/\/valdauto.lt\/index.php?rest_route=\/wp\/v2\/product"}],"about":[{"href":"https:\/\/valdauto.lt\/index.php?rest_route=\/wp\/v2\/types\/product"}],"version-history":[{"count":1,"href":"https:\/\/valdauto.lt\/index.php?rest_route=\/wp\/v2\/product\/808\/revisions"}],"predecessor-version":[{"id":814,"href":"https:\/\/valdauto.lt\/index.php?rest_route=\/wp\/v2\/product\/808\/revisions\/814"}],"wp:featuredmedia":[{"embeddable":true,"href":"https:\/\/valdauto.lt\/index.php?rest_route=\/wp\/v2\/media\/809"}],"wp:attachment":[{"href":"https:\/\/valdauto.lt\/index.php?rest_route=%2Fwp%2Fv2%2Fmedia&parent=808"}],"wp:term":[{"taxonomy":"product_brand","embeddable":true,"href":"https:\/\/valdauto.lt\/index.php?rest_route=%2Fwp%2Fv2%2Fproduct_brand&post=808"},{"taxonomy":"product_cat","embeddable":true,"href":"https:\/\/valdauto.lt\/index.php?rest_route=%2Fwp%2Fv2%2Fproduct_cat&post=808"},{"taxonomy":"product_tag","embeddable":true,"href":"https:\/\/valdauto.lt\/index.php?rest_route=%2Fwp%2Fv2%2Fproduct_tag&post=808"}],"curies":[{"name":"wp","href":"https:\/\/api.w.org\/{rel}","templated":true}]}}