{"id":794,"date":"2020-09-17T18:03:31","date_gmt":"2020-09-17T16:03:31","guid":{"rendered":"https:\/\/valdauto.lt\/?post_type=product&#038;p=794"},"modified":"2020-09-17T18:03:31","modified_gmt":"2020-09-17T16:03:31","slug":"mercedes-e-c-glc-klases-veidrodzio-dangtelis-desine-puse","status":"publish","type":"product","link":"https:\/\/valdauto.lt\/?product=mercedes-e-c-glc-klases-veidrodzio-dangtelis-desine-puse","title":{"rendered":"Mercedes E \/ C \/ GLC klas\u0117s veidrod\u017eio dangtelis de\u0161in\u0117 pus\u0117"},"content":{"rendered":"<p>Mercedes E \/ C \/ GLC klas\u0117s veidrod\u017eio dangtelis de\u0161in\u0117 pus\u0117, Europin\u0117 ( USA ) versija .<\/p>\n","protected":false},"excerpt":{"rendered":"<p>Polar weiss spalva<\/p>\n","protected":false},"featured_media":795,"template":"","meta":{"om_disable_all_campaigns":false,"_monsterinsights_skip_tracking":false,"_monsterinsights_sitenote_active":false,"_monsterinsights_sitenote_note":"","_monsterinsights_sitenote_category":0,"_uf_show_specific_survey":0,"_uf_disable_surveys":false,"slim_seo":{"title":"Mercedes E \/ C \/ GLC klas\u0117s veidrod\u017eio dangtelis de\u0161in\u0117 pus\u0117 - Mercedes benz naudotos dalys","description":"Polar weiss spalva"}},"product_brand":[],"product_cat":[20],"product_tag":[],"class_list":{"0":"post-794","1":"product","2":"type-product","3":"status-publish","4":"has-post-thumbnail","6":"product_cat-mercedes-benz-kebulo-dalys","8":"first","9":"instock","10":"taxable","11":"shipping-taxable","12":"purchasable","13":"product-type-simple","14":"berocket_lgv_grid","15":"berocket_lgv_list_grid"},"_links":{"self":[{"href":"https:\/\/valdauto.lt\/index.php?rest_route=\/wp\/v2\/product\/794","targetHints":{"allow":["GET"]}}],"collection":[{"href":"https:\/\/valdauto.lt\/index.php?rest_route=\/wp\/v2\/product"}],"about":[{"href":"https:\/\/valdauto.lt\/index.php?rest_route=\/wp\/v2\/types\/product"}],"version-history":[{"count":1,"href":"https:\/\/valdauto.lt\/index.php?rest_route=\/wp\/v2\/product\/794\/revisions"}],"predecessor-version":[{"id":798,"href":"https:\/\/valdauto.lt\/index.php?rest_route=\/wp\/v2\/product\/794\/revisions\/798"}],"wp:featuredmedia":[{"embeddable":true,"href":"https:\/\/valdauto.lt\/index.php?rest_route=\/wp\/v2\/media\/795"}],"wp:attachment":[{"href":"https:\/\/valdauto.lt\/index.php?rest_route=%2Fwp%2Fv2%2Fmedia&parent=794"}],"wp:term":[{"taxonomy":"product_brand","embeddable":true,"href":"https:\/\/valdauto.lt\/index.php?rest_route=%2Fwp%2Fv2%2Fproduct_brand&post=794"},{"taxonomy":"product_cat","embeddable":true,"href":"https:\/\/valdauto.lt\/index.php?rest_route=%2Fwp%2Fv2%2Fproduct_cat&post=794"},{"taxonomy":"product_tag","embeddable":true,"href":"https:\/\/valdauto.lt\/index.php?rest_route=%2Fwp%2Fv2%2Fproduct_tag&post=794"}],"curies":[{"name":"wp","href":"https:\/\/api.w.org\/{rel}","templated":true}]}}