{"id":686,"date":"2020-09-12T19:39:56","date_gmt":"2020-09-12T17:39:56","guid":{"rendered":"https:\/\/valdauto.lt\/?post_type=product&#038;p=686"},"modified":"2020-09-12T19:39:56","modified_gmt":"2020-09-12T17:39:56","slug":"mercedes-benz-x253-w205-duru-moldingas-a2057300522","status":"publish","type":"product","link":"https:\/\/valdauto.lt\/?product=mercedes-benz-x253-w205-duru-moldingas-a2057300522","title":{"rendered":"Mercedes Benz X253 W205 dur\u0173 moldingas A2057300522"},"content":{"rendered":"<p>Mercedes Benz X253 W205 galini\u0173 dur\u0173 moldingas A2057300522<\/p>\n","protected":false},"excerpt":{"rendered":"<p>#A2057300522<\/p>\n","protected":false},"featured_media":687,"template":"","meta":{"om_disable_all_campaigns":false,"_monsterinsights_skip_tracking":false,"_monsterinsights_sitenote_active":false,"_monsterinsights_sitenote_note":"","_monsterinsights_sitenote_category":0,"_uf_show_specific_survey":0,"_uf_disable_surveys":false,"slim_seo":{"title":"Mercedes Benz X253 W205 dur\u0173 moldingas A2057300522 - Mercedes benz naudotos dalys","description":"#A2057300522"}},"product_brand":[],"product_cat":[31],"product_tag":[119],"class_list":{"0":"post-686","1":"product","2":"type-product","3":"status-publish","4":"has-post-thumbnail","6":"product_cat-mercedes-benz-salono-komforto-aksesuarai","7":"product_tag-a2057300522","9":"first","10":"instock","11":"taxable","12":"shipping-taxable","13":"purchasable","14":"product-type-simple","15":"berocket_lgv_grid","16":"berocket_lgv_list_grid"},"_links":{"self":[{"href":"https:\/\/valdauto.lt\/index.php?rest_route=\/wp\/v2\/product\/686","targetHints":{"allow":["GET"]}}],"collection":[{"href":"https:\/\/valdauto.lt\/index.php?rest_route=\/wp\/v2\/product"}],"about":[{"href":"https:\/\/valdauto.lt\/index.php?rest_route=\/wp\/v2\/types\/product"}],"version-history":[{"count":1,"href":"https:\/\/valdauto.lt\/index.php?rest_route=\/wp\/v2\/product\/686\/revisions"}],"predecessor-version":[{"id":688,"href":"https:\/\/valdauto.lt\/index.php?rest_route=\/wp\/v2\/product\/686\/revisions\/688"}],"wp:featuredmedia":[{"embeddable":true,"href":"https:\/\/valdauto.lt\/index.php?rest_route=\/wp\/v2\/media\/687"}],"wp:attachment":[{"href":"https:\/\/valdauto.lt\/index.php?rest_route=%2Fwp%2Fv2%2Fmedia&parent=686"}],"wp:term":[{"taxonomy":"product_brand","embeddable":true,"href":"https:\/\/valdauto.lt\/index.php?rest_route=%2Fwp%2Fv2%2Fproduct_brand&post=686"},{"taxonomy":"product_cat","embeddable":true,"href":"https:\/\/valdauto.lt\/index.php?rest_route=%2Fwp%2Fv2%2Fproduct_cat&post=686"},{"taxonomy":"product_tag","embeddable":true,"href":"https:\/\/valdauto.lt\/index.php?rest_route=%2Fwp%2Fv2%2Fproduct_tag&post=686"}],"curies":[{"name":"wp","href":"https:\/\/api.w.org\/{rel}","templated":true}]}}