{"id":588,"date":"2020-09-11T15:52:42","date_gmt":"2020-09-11T13:52:42","guid":{"rendered":"https:\/\/valdauto.lt\/?post_type=product&#038;p=588"},"modified":"2020-09-11T15:52:42","modified_gmt":"2020-09-11T13:52:42","slug":"oro-pagalviu-smugio-daviklis-a2059059000","status":"publish","type":"product","link":"https:\/\/valdauto.lt\/?product=oro-pagalviu-smugio-daviklis-a2059059000","title":{"rendered":"Oro pagalvi\u0173 sm\u016bgio daviklis A2059059000"},"content":{"rendered":"<p>Oro pagalvi\u0173 sm\u016bgio daviklis A2059059000 tinka W205 serijai, europinis variantas.<\/p>\n","protected":false},"excerpt":{"rendered":"<p>Europa. W205 Sedanas \/ Coupe \/ Cabrio<\/p>\n","protected":false},"featured_media":589,"template":"","meta":{"om_disable_all_campaigns":false,"_monsterinsights_skip_tracking":false,"_monsterinsights_sitenote_active":false,"_monsterinsights_sitenote_note":"","_monsterinsights_sitenote_category":0,"_uf_show_specific_survey":0,"_uf_disable_surveys":false,"slim_seo":{"description":"Oro pagalvi\u0173 sm\u016bgio daviklis A2059059000 tinka W205 serijai, europinis variantas.","title":"Oro pagalvi\u0173 sm\u016bgio daviklis A2059059000 - Mercedes benz naudotos dalys"}},"product_brand":[],"product_cat":[74],"product_tag":[100],"class_list":{"0":"post-588","1":"product","2":"type-product","3":"status-publish","4":"has-post-thumbnail","6":"brand-a2059059000","7":"product_cat-mercedes-benz-airbag","8":"product_tag-a2059059000","10":"first","11":"instock","12":"taxable","13":"shipping-taxable","14":"purchasable","15":"product-type-simple","16":"berocket_lgv_grid","17":"berocket_lgv_list_grid"},"_links":{"self":[{"href":"https:\/\/valdauto.lt\/index.php?rest_route=\/wp\/v2\/product\/588","targetHints":{"allow":["GET"]}}],"collection":[{"href":"https:\/\/valdauto.lt\/index.php?rest_route=\/wp\/v2\/product"}],"about":[{"href":"https:\/\/valdauto.lt\/index.php?rest_route=\/wp\/v2\/types\/product"}],"version-history":[{"count":1,"href":"https:\/\/valdauto.lt\/index.php?rest_route=\/wp\/v2\/product\/588\/revisions"}],"predecessor-version":[{"id":592,"href":"https:\/\/valdauto.lt\/index.php?rest_route=\/wp\/v2\/product\/588\/revisions\/592"}],"wp:featuredmedia":[{"embeddable":true,"href":"https:\/\/valdauto.lt\/index.php?rest_route=\/wp\/v2\/media\/589"}],"wp:attachment":[{"href":"https:\/\/valdauto.lt\/index.php?rest_route=%2Fwp%2Fv2%2Fmedia&parent=588"}],"wp:term":[{"taxonomy":"product_brand","embeddable":true,"href":"https:\/\/valdauto.lt\/index.php?rest_route=%2Fwp%2Fv2%2Fproduct_brand&post=588"},{"taxonomy":"product_cat","embeddable":true,"href":"https:\/\/valdauto.lt\/index.php?rest_route=%2Fwp%2Fv2%2Fproduct_cat&post=588"},{"taxonomy":"product_tag","embeddable":true,"href":"https:\/\/valdauto.lt\/index.php?rest_route=%2Fwp%2Fv2%2Fproduct_tag&post=588"}],"curies":[{"name":"wp","href":"https:\/\/api.w.org\/{rel}","templated":true}]}}