{"id":464,"date":"2020-08-21T16:50:47","date_gmt":"2020-08-21T14:50:47","guid":{"rendered":"http:\/\/valdauto.lt\/?post_type=product&#038;p=464"},"modified":"2020-08-21T16:50:47","modified_gmt":"2020-08-21T14:50:47","slug":"mercedes-benz-w205-x253-w222-karboniniai-veidrodzio-dangteliai","status":"publish","type":"product","link":"https:\/\/valdauto.lt\/?product=mercedes-benz-w205-x253-w222-karboniniai-veidrodzio-dangteliai","title":{"rendered":"Mercedes Benz W205 X253 W222 karboniniai veidrod\u017eio dangteliai"},"content":{"rendered":"<p>Tikro karbono Mercedes Benz W205 X253 W222 veidrod\u017eio dangteliai, greitas keitimas . Padengti kokybi\u0161k\u0173 lak\u0173 .<\/p>\n","protected":false},"excerpt":{"rendered":"<p>Tikro karbono Mercedes Benz W205 X253 W222 veidrod\u017eio dangteliai, greitas keitimas . Padengti kokybi\u0161k\u0173 lak\u0173 .<\/p>\n","protected":false},"featured_media":467,"template":"","meta":{"om_disable_all_campaigns":false,"_monsterinsights_skip_tracking":false,"_monsterinsights_sitenote_active":false,"_monsterinsights_sitenote_note":"","_monsterinsights_sitenote_category":0,"_uf_show_specific_survey":0,"_uf_disable_surveys":false,"slim_seo":{"title":"Mercedes Benz W205 X253 W222 karboniniai veidrod\u017eio dangteliai - Mercedes benz naudotos dalys","description":"Tikro karbono Mercedes Benz W205 X253 W222 veidrod\u017eio dangteliai, greitas keitimas . Padengti kokybi\u0161k\u0173 lak\u0173 ."}},"product_brand":[],"product_cat":[86],"product_tag":[85,92,39,24],"class_list":{"0":"post-464","1":"product","2":"type-product","3":"status-publish","4":"has-post-thumbnail","6":"product_cat-mercedes-tuning-dalys","7":"product_tag-carbon","8":"product_tag-karbonas","9":"product_tag-w205","10":"product_tag-x253","12":"first","13":"instock","14":"taxable","15":"shipping-taxable","16":"purchasable","17":"product-type-simple","18":"berocket_lgv_grid","19":"berocket_lgv_list_grid"},"_links":{"self":[{"href":"https:\/\/valdauto.lt\/index.php?rest_route=\/wp\/v2\/product\/464","targetHints":{"allow":["GET"]}}],"collection":[{"href":"https:\/\/valdauto.lt\/index.php?rest_route=\/wp\/v2\/product"}],"about":[{"href":"https:\/\/valdauto.lt\/index.php?rest_route=\/wp\/v2\/types\/product"}],"version-history":[{"count":1,"href":"https:\/\/valdauto.lt\/index.php?rest_route=\/wp\/v2\/product\/464\/revisions"}],"predecessor-version":[{"id":471,"href":"https:\/\/valdauto.lt\/index.php?rest_route=\/wp\/v2\/product\/464\/revisions\/471"}],"wp:featuredmedia":[{"embeddable":true,"href":"https:\/\/valdauto.lt\/index.php?rest_route=\/wp\/v2\/media\/467"}],"wp:attachment":[{"href":"https:\/\/valdauto.lt\/index.php?rest_route=%2Fwp%2Fv2%2Fmedia&parent=464"}],"wp:term":[{"taxonomy":"product_brand","embeddable":true,"href":"https:\/\/valdauto.lt\/index.php?rest_route=%2Fwp%2Fv2%2Fproduct_brand&post=464"},{"taxonomy":"product_cat","embeddable":true,"href":"https:\/\/valdauto.lt\/index.php?rest_route=%2Fwp%2Fv2%2Fproduct_cat&post=464"},{"taxonomy":"product_tag","embeddable":true,"href":"https:\/\/valdauto.lt\/index.php?rest_route=%2Fwp%2Fv2%2Fproduct_tag&post=464"}],"curies":[{"name":"wp","href":"https:\/\/api.w.org\/{rel}","templated":true}]}}