{"id":2288,"date":"2023-02-21T18:10:04","date_gmt":"2023-02-21T16:10:04","guid":{"rendered":"https:\/\/valdauto.lt\/?post_type=product&#038;p=2288"},"modified":"2023-02-21T18:10:05","modified_gmt":"2023-02-21T16:10:05","slug":"mercedes-benz-led-zibinto-valdymo-blokas-a2229008812","status":"publish","type":"product","link":"https:\/\/valdauto.lt\/?product=mercedes-benz-led-zibinto-valdymo-blokas-a2229008812","title":{"rendered":"Mercedes benz  LED \u017dibinto Valdymo Blokas A2229008812"},"content":{"rendered":"<p>Mercedes benz LED \u017dibinto Valdymo Blokas A2229008812 EOM , tinka daugeliui modeli\u0173 .<\/p>\n","protected":false},"excerpt":{"rendered":"<p>EOM kodas A2229008812<\/p>\n","protected":false},"featured_media":2289,"template":"","meta":{"om_disable_all_campaigns":false,"_monsterinsights_skip_tracking":false,"_monsterinsights_sitenote_active":false,"_monsterinsights_sitenote_note":"","_monsterinsights_sitenote_category":0,"_uf_show_specific_survey":0,"_uf_disable_surveys":false,"slim_seo":{"title":"Mercedes benz LED \u017dibinto Valdymo Blokas A2229008812","description":"Mercedes benz LED \u017dibinto Valdymo Blokas A2229008812 EOM , tinka daugeliui modeli\u0173 .\u00a0"}},"product_brand":[],"product_cat":[22,21],"product_tag":[604],"class_list":{"0":"post-2288","1":"product","2":"type-product","3":"status-publish","4":"has-post-thumbnail","6":"product_cat-mercedes-benz-elektronika","7":"product_cat-mercedes-benz-zibintai","8":"product_tag-a2229008812","10":"first","11":"instock","12":"taxable","13":"shipping-taxable","14":"purchasable","15":"product-type-simple","16":"berocket_lgv_grid","17":"berocket_lgv_list_grid"},"_links":{"self":[{"href":"https:\/\/valdauto.lt\/index.php?rest_route=\/wp\/v2\/product\/2288","targetHints":{"allow":["GET"]}}],"collection":[{"href":"https:\/\/valdauto.lt\/index.php?rest_route=\/wp\/v2\/product"}],"about":[{"href":"https:\/\/valdauto.lt\/index.php?rest_route=\/wp\/v2\/types\/product"}],"version-history":[{"count":1,"href":"https:\/\/valdauto.lt\/index.php?rest_route=\/wp\/v2\/product\/2288\/revisions"}],"predecessor-version":[{"id":2290,"href":"https:\/\/valdauto.lt\/index.php?rest_route=\/wp\/v2\/product\/2288\/revisions\/2290"}],"wp:featuredmedia":[{"embeddable":true,"href":"https:\/\/valdauto.lt\/index.php?rest_route=\/wp\/v2\/media\/2289"}],"wp:attachment":[{"href":"https:\/\/valdauto.lt\/index.php?rest_route=%2Fwp%2Fv2%2Fmedia&parent=2288"}],"wp:term":[{"taxonomy":"product_brand","embeddable":true,"href":"https:\/\/valdauto.lt\/index.php?rest_route=%2Fwp%2Fv2%2Fproduct_brand&post=2288"},{"taxonomy":"product_cat","embeddable":true,"href":"https:\/\/valdauto.lt\/index.php?rest_route=%2Fwp%2Fv2%2Fproduct_cat&post=2288"},{"taxonomy":"product_tag","embeddable":true,"href":"https:\/\/valdauto.lt\/index.php?rest_route=%2Fwp%2Fv2%2Fproduct_tag&post=2288"}],"curies":[{"name":"wp","href":"https:\/\/api.w.org\/{rel}","templated":true}]}}