{"id":2188,"date":"2022-12-19T01:11:22","date_gmt":"2022-12-18T23:11:22","guid":{"rendered":"https:\/\/valdauto.lt\/?post_type=product&#038;p=2188"},"modified":"2022-12-19T01:11:22","modified_gmt":"2022-12-18T23:11:22","slug":"mercedes-benz-stop-start-funkcijos-isjungimas","status":"publish","type":"product","link":"https:\/\/valdauto.lt\/?product=mercedes-benz-stop-start-funkcijos-isjungimas","title":{"rendered":"Mercedes Benz stop start funkcijos i\u0161jungimas"},"content":{"rendered":"<p>Naujesni Mercedes Benz mark\u0117s automobiliai d\u0117l ekologini\u0173 norm\u0173 bei rodikli\u0173 naudoja vadinam\u0105j\u0105 STOP \/ START funkcij\u0105. Jos pagalba automobilis sustoj\u0105s sankry\u017eoje u\u017egesin\u0105 varikl\u012f. Daliai vairuotoj\u0173 \u0161i opcija sukelia nepatogumo jausm\u0105. Kadangi gamintojas yra suprogramav\u0119s automobil\u012f taip , kad kiekvieno u\u017evedimo met\u0173 \u0161\u012f opcij\u0105 \u012fsijungia pagal nutyl\u0117jim\u0105.<\/p>\n<p>Galime pasi\u016blyti suprogramuoti automobil\u012f taip , kad jis prisimintu paskutin\u012f STOP \/ STAR sistemos opcijos re\u017eim\u0105. Kitaip vadinama LAST MODE re\u017eimas , kurio pagalba vien\u0105 kart\u0105 nuspaudus i\u0161jungimo mygtuk\u0105, re\u017eimas nepriklausomai nuo u\u017evedimo kiekio bus toje pa\u010dioje pozicijoje.<\/p>\n<p>\u0160i opcija \u012fmanoma tiek dyzeliniams tiek benzininiams automobiliams. Taip pat AMG serijos ( 43 \/ 450 \/ 63 ) modeliams.<\/p>\n","protected":false},"excerpt":{"rendered":"<p>Naujesni Mercedes Benz mark\u0117s automobiliai d\u0117l ekologini\u0173 norm\u0173 bei rodikli\u0173 naudoja vadinam\u0105j\u0105 STOP \/ START funkcij\u0105. Jos pagalba automobilis sustoj\u0105s sankry\u017eoje u\u017egesin\u0105 varikl\u012f. Daliai vairuotoj\u0173 \u0161i opcija sukelia nepatogumo jausm\u0105. Kadangi gamintojas yra suprogramav\u0119s automobil\u012f taip , kad kiekvieno u\u017evedimo met\u0173 \u0161\u012f opcij\u0105 \u012fsijungia pagal nutyl\u0117jim\u0105. Galime pasi\u016blyti suprogramuoti automobil\u012f taip , kad jis prisimintu [&hellip;]<\/p>\n","protected":false},"featured_media":2172,"template":"","meta":{"om_disable_all_campaigns":false,"_monsterinsights_skip_tracking":false,"_monsterinsights_sitenote_active":false,"_monsterinsights_sitenote_note":"","_monsterinsights_sitenote_category":0,"_uf_show_specific_survey":0,"_uf_disable_surveys":false,"slim_seo":{"title":"Mercedes Benz stop start funkcijos i\u0161jungimas","description":"Naujesni Mercedes Benz mark\u0117s automobiliai d\u0117l ekologini\u0173 norm\u0173 bei rodikli\u0173 naudoja vadinam\u0105j\u0105 STOP \/ START funkcij\u0105"}},"product_brand":[],"product_cat":[538],"product_tag":[546,544,543,545],"class_list":{"0":"post-2188","1":"product","2":"type-product","3":"status-publish","4":"has-post-thumbnail","6":"product_cat-mercedes-benz-elektronikos-remontas","7":"product_tag-mercedes-elektronikos-remontas","8":"product_tag-mercedes-europinimas","9":"product_tag-mercedes-kodavimas","10":"product_tag-stop-start-off","12":"first","13":"instock","14":"taxable","15":"shipping-taxable","16":"purchasable","17":"product-type-simple","18":"berocket_lgv_grid","19":"berocket_lgv_list_grid"},"_links":{"self":[{"href":"https:\/\/valdauto.lt\/index.php?rest_route=\/wp\/v2\/product\/2188","targetHints":{"allow":["GET"]}}],"collection":[{"href":"https:\/\/valdauto.lt\/index.php?rest_route=\/wp\/v2\/product"}],"about":[{"href":"https:\/\/valdauto.lt\/index.php?rest_route=\/wp\/v2\/types\/product"}],"version-history":[{"count":1,"href":"https:\/\/valdauto.lt\/index.php?rest_route=\/wp\/v2\/product\/2188\/revisions"}],"predecessor-version":[{"id":2189,"href":"https:\/\/valdauto.lt\/index.php?rest_route=\/wp\/v2\/product\/2188\/revisions\/2189"}],"wp:featuredmedia":[{"embeddable":true,"href":"https:\/\/valdauto.lt\/index.php?rest_route=\/wp\/v2\/media\/2172"}],"wp:attachment":[{"href":"https:\/\/valdauto.lt\/index.php?rest_route=%2Fwp%2Fv2%2Fmedia&parent=2188"}],"wp:term":[{"taxonomy":"product_brand","embeddable":true,"href":"https:\/\/valdauto.lt\/index.php?rest_route=%2Fwp%2Fv2%2Fproduct_brand&post=2188"},{"taxonomy":"product_cat","embeddable":true,"href":"https:\/\/valdauto.lt\/index.php?rest_route=%2Fwp%2Fv2%2Fproduct_cat&post=2188"},{"taxonomy":"product_tag","embeddable":true,"href":"https:\/\/valdauto.lt\/index.php?rest_route=%2Fwp%2Fv2%2Fproduct_tag&post=2188"}],"curies":[{"name":"wp","href":"https:\/\/api.w.org\/{rel}","templated":true}]}}