{"id":2064,"date":"2022-12-05T20:41:02","date_gmt":"2022-12-05T18:41:02","guid":{"rendered":"https:\/\/valdauto.lt\/?post_type=product&#038;p=2064"},"modified":"2022-12-05T20:41:03","modified_gmt":"2022-12-05T18:41:03","slug":"a1679002718-mercedes-benz-kaires-puses-duru-modulis","status":"publish","type":"product","link":"https:\/\/valdauto.lt\/?product=a1679002718-mercedes-benz-kaires-puses-duru-modulis","title":{"rendered":"A1679002718 Mercedes Benz kair\u0117s pus\u0117s dur\u0173 modulis"},"content":{"rendered":"<p>A1679003118 Mercedes Benz priekio de\u0161in\u0117s pus\u0117s dur\u0173 modulis<\/p>\n","protected":false},"excerpt":{"rendered":"<p>Priekini\u0173 dur\u0173 valdymo modulis .<\/p>\n","protected":false},"featured_media":2065,"template":"","meta":{"om_disable_all_campaigns":false,"_monsterinsights_skip_tracking":false,"_monsterinsights_sitenote_active":false,"_monsterinsights_sitenote_note":"","_monsterinsights_sitenote_category":0,"_uf_show_specific_survey":0,"_uf_disable_surveys":false,"slim_seo":{"title":"A1679002718 Mercedes Benz kair\u0117s pus\u0117s dur\u0173 modulis","description":"A1679003118 Mercedes Benz priekio de\u0161in\u0117s pus\u0117s dur\u0173 modulis"}},"product_brand":[],"product_cat":[22],"product_tag":[526],"class_list":{"0":"post-2064","1":"product","2":"type-product","3":"status-publish","4":"has-post-thumbnail","6":"product_cat-mercedes-benz-elektronika","7":"product_tag-a1679003118","9":"first","10":"instock","11":"taxable","12":"shipping-taxable","13":"purchasable","14":"product-type-simple","15":"berocket_lgv_grid","16":"berocket_lgv_list_grid"},"_links":{"self":[{"href":"https:\/\/valdauto.lt\/index.php?rest_route=\/wp\/v2\/product\/2064","targetHints":{"allow":["GET"]}}],"collection":[{"href":"https:\/\/valdauto.lt\/index.php?rest_route=\/wp\/v2\/product"}],"about":[{"href":"https:\/\/valdauto.lt\/index.php?rest_route=\/wp\/v2\/types\/product"}],"version-history":[{"count":1,"href":"https:\/\/valdauto.lt\/index.php?rest_route=\/wp\/v2\/product\/2064\/revisions"}],"predecessor-version":[{"id":2066,"href":"https:\/\/valdauto.lt\/index.php?rest_route=\/wp\/v2\/product\/2064\/revisions\/2066"}],"wp:featuredmedia":[{"embeddable":true,"href":"https:\/\/valdauto.lt\/index.php?rest_route=\/wp\/v2\/media\/2065"}],"wp:attachment":[{"href":"https:\/\/valdauto.lt\/index.php?rest_route=%2Fwp%2Fv2%2Fmedia&parent=2064"}],"wp:term":[{"taxonomy":"product_brand","embeddable":true,"href":"https:\/\/valdauto.lt\/index.php?rest_route=%2Fwp%2Fv2%2Fproduct_brand&post=2064"},{"taxonomy":"product_cat","embeddable":true,"href":"https:\/\/valdauto.lt\/index.php?rest_route=%2Fwp%2Fv2%2Fproduct_cat&post=2064"},{"taxonomy":"product_tag","embeddable":true,"href":"https:\/\/valdauto.lt\/index.php?rest_route=%2Fwp%2Fv2%2Fproduct_tag&post=2064"}],"curies":[{"name":"wp","href":"https:\/\/api.w.org\/{rel}","templated":true}]}}