{"id":2052,"date":"2022-12-05T16:43:50","date_gmt":"2022-12-05T14:43:50","guid":{"rendered":"https:\/\/valdauto.lt\/?post_type=product&#038;p=2052"},"modified":"2022-12-05T16:43:51","modified_gmt":"2022-12-05T14:43:51","slug":"mercedes-benz-saugos-stogo-pagalve-a2058601002","status":"publish","type":"product","link":"https:\/\/valdauto.lt\/?product=mercedes-benz-saugos-stogo-pagalve-a2058601002","title":{"rendered":"Mercedes benz saugos stogo pagalv\u0117 A2058601002"},"content":{"rendered":"<p>Mercedes benz W205 uneversalo saugos stogo pagalv\u0117 A2058601002 kair\u0117 pus\u0117<\/p>\n","protected":false},"excerpt":{"rendered":"<p>W205 Caravan T model airbag L<\/p>\n","protected":false},"featured_media":2053,"template":"","meta":{"om_disable_all_campaigns":false,"_monsterinsights_skip_tracking":false,"_monsterinsights_sitenote_active":false,"_monsterinsights_sitenote_note":"","_monsterinsights_sitenote_category":0,"_uf_show_specific_survey":0,"_uf_disable_surveys":false,"slim_seo":{"title":"Mercedes benz saugos stogo pagalv\u0117 A2058601002","description":"Mercedes benz W205 uneversalo saugos stogo pagalv\u0117 A2058601002 kair\u0117 pus\u0117"}},"product_brand":[],"product_cat":[74],"product_tag":[520,521,519],"class_list":{"0":"post-2052","1":"product","2":"type-product","3":"status-publish","4":"has-post-thumbnail","6":"product_cat-mercedes-benz-airbag","7":"product_tag-a2058601002","8":"product_tag-mercedes-airbag","9":"product_tag-w205-t-airbag","11":"first","12":"instock","13":"taxable","14":"shipping-taxable","15":"purchasable","16":"product-type-simple","17":"berocket_lgv_grid","18":"berocket_lgv_list_grid"},"_links":{"self":[{"href":"https:\/\/valdauto.lt\/index.php?rest_route=\/wp\/v2\/product\/2052","targetHints":{"allow":["GET"]}}],"collection":[{"href":"https:\/\/valdauto.lt\/index.php?rest_route=\/wp\/v2\/product"}],"about":[{"href":"https:\/\/valdauto.lt\/index.php?rest_route=\/wp\/v2\/types\/product"}],"version-history":[{"count":1,"href":"https:\/\/valdauto.lt\/index.php?rest_route=\/wp\/v2\/product\/2052\/revisions"}],"predecessor-version":[{"id":2054,"href":"https:\/\/valdauto.lt\/index.php?rest_route=\/wp\/v2\/product\/2052\/revisions\/2054"}],"wp:featuredmedia":[{"embeddable":true,"href":"https:\/\/valdauto.lt\/index.php?rest_route=\/wp\/v2\/media\/2053"}],"wp:attachment":[{"href":"https:\/\/valdauto.lt\/index.php?rest_route=%2Fwp%2Fv2%2Fmedia&parent=2052"}],"wp:term":[{"taxonomy":"product_brand","embeddable":true,"href":"https:\/\/valdauto.lt\/index.php?rest_route=%2Fwp%2Fv2%2Fproduct_brand&post=2052"},{"taxonomy":"product_cat","embeddable":true,"href":"https:\/\/valdauto.lt\/index.php?rest_route=%2Fwp%2Fv2%2Fproduct_cat&post=2052"},{"taxonomy":"product_tag","embeddable":true,"href":"https:\/\/valdauto.lt\/index.php?rest_route=%2Fwp%2Fv2%2Fproduct_tag&post=2052"}],"curies":[{"name":"wp","href":"https:\/\/api.w.org\/{rel}","templated":true}]}}