{"id":2024,"date":"2022-12-05T14:51:09","date_gmt":"2022-12-05T12:51:09","guid":{"rendered":"https:\/\/valdauto.lt\/?post_type=product&#038;p=2024"},"modified":"2022-12-05T14:51:10","modified_gmt":"2022-12-05T12:51:10","slug":"a2058603402-mercedes-benz-desines-duru-cabrio-airbag","status":"publish","type":"product","link":"https:\/\/valdauto.lt\/?product=a2058603402-mercedes-benz-desines-duru-cabrio-airbag","title":{"rendered":"A2058603402 Mercedes benz de\u0161in\u0117s dur\u0173 Cabrio airbag"},"content":{"rendered":"<p>W205 kebulo de\u0161in\u0117s pus\u0117s dur\u0173 saugos pagalv\u0117 <\/p>\n","protected":false},"excerpt":{"rendered":"<p>Tinka W205 kebulo kabrioletui. <\/p>\n","protected":false},"featured_media":2025,"template":"","meta":{"om_disable_all_campaigns":false,"_monsterinsights_skip_tracking":false,"_monsterinsights_sitenote_active":false,"_monsterinsights_sitenote_note":"","_monsterinsights_sitenote_category":0,"_uf_show_specific_survey":0,"_uf_disable_surveys":false,"slim_seo":{"title":"A2058603402 Mercedes benz de\u0161in\u0117s dur\u0173 Cabrio airbag","description":"W205 kebulo cabrio de\u0161in\u0117s pus\u0117s dur\u0173 saugos pagalv\u0117"}},"product_brand":[],"product_cat":[74],"product_tag":[504,501,505],"class_list":{"0":"post-2024","1":"product","2":"type-product","3":"status-publish","4":"has-post-thumbnail","6":"product_cat-mercedes-benz-airbag","7":"product_tag-a2058603402","8":"product_tag-mercedes-benz-airbag","9":"product_tag-mercedes-benz-cabrio-airbag","11":"first","12":"instock","13":"taxable","14":"shipping-taxable","15":"purchasable","16":"product-type-simple","17":"berocket_lgv_grid","18":"berocket_lgv_list_grid"},"_links":{"self":[{"href":"https:\/\/valdauto.lt\/index.php?rest_route=\/wp\/v2\/product\/2024","targetHints":{"allow":["GET"]}}],"collection":[{"href":"https:\/\/valdauto.lt\/index.php?rest_route=\/wp\/v2\/product"}],"about":[{"href":"https:\/\/valdauto.lt\/index.php?rest_route=\/wp\/v2\/types\/product"}],"version-history":[{"count":1,"href":"https:\/\/valdauto.lt\/index.php?rest_route=\/wp\/v2\/product\/2024\/revisions"}],"predecessor-version":[{"id":2026,"href":"https:\/\/valdauto.lt\/index.php?rest_route=\/wp\/v2\/product\/2024\/revisions\/2026"}],"wp:featuredmedia":[{"embeddable":true,"href":"https:\/\/valdauto.lt\/index.php?rest_route=\/wp\/v2\/media\/2025"}],"wp:attachment":[{"href":"https:\/\/valdauto.lt\/index.php?rest_route=%2Fwp%2Fv2%2Fmedia&parent=2024"}],"wp:term":[{"taxonomy":"product_brand","embeddable":true,"href":"https:\/\/valdauto.lt\/index.php?rest_route=%2Fwp%2Fv2%2Fproduct_brand&post=2024"},{"taxonomy":"product_cat","embeddable":true,"href":"https:\/\/valdauto.lt\/index.php?rest_route=%2Fwp%2Fv2%2Fproduct_cat&post=2024"},{"taxonomy":"product_tag","embeddable":true,"href":"https:\/\/valdauto.lt\/index.php?rest_route=%2Fwp%2Fv2%2Fproduct_tag&post=2024"}],"curies":[{"name":"wp","href":"https:\/\/api.w.org\/{rel}","templated":true}]}}