{"id":2018,"date":"2022-12-05T14:41:53","date_gmt":"2022-12-05T12:41:53","guid":{"rendered":"https:\/\/valdauto.lt\/?post_type=product&#038;p=2018"},"modified":"2022-12-05T14:41:54","modified_gmt":"2022-12-05T12:41:54","slug":"a0009827016-mercedes-benz-48-voltu-baterija","status":"publish","type":"product","link":"https:\/\/valdauto.lt\/?product=a0009827016-mercedes-benz-48-voltu-baterija","title":{"rendered":"A0009827016 Mercedes benz 48 volt\u0173 baterija"},"content":{"rendered":"<p>Mercedes benz 48 Volt\u0173 hibridin\u0117 baterija . Gamyba 2021 met\u0173 be Chrash \u012fvyki\u0173 . Galimas VIN numeri\u0173 keitimas pagal j\u016bs\u0173 poreik\u012f u\u017e papildom\u0105 kain\u0105 .<\/p>\n","protected":false},"excerpt":{"rendered":"<p>Tinka daugelis modeli\u0173 .<\/p>\n","protected":false},"featured_media":2019,"template":"","meta":{"om_disable_all_campaigns":false,"_monsterinsights_skip_tracking":false,"_monsterinsights_sitenote_active":false,"_monsterinsights_sitenote_note":"","_monsterinsights_sitenote_category":0,"_uf_show_specific_survey":0,"_uf_disable_surveys":false,"slim_seo":{"title":"A0009827016 Mercedes benz 48 volt\u0173 baterija","description":"Mercedes benz 48 Volt\u0173 hibridin\u0117 baterija . Gamyba 2021 met\u0173 be Chrash \u012fvyki\u0173"}},"product_brand":[],"product_cat":[22],"product_tag":[497,496,495,494,498],"class_list":{"0":"post-2018","1":"product","2":"type-product","3":"status-publish","4":"has-post-thumbnail","6":"product_cat-mercedes-benz-elektronika","7":"product_tag-48-hibridine-baterija","8":"product_tag-48-hibridine-baterija-mercedes","9":"product_tag-48-hybrid-battery","10":"product_tag-a0009827016","11":"product_tag-mercedes-benz-hibridine-baterija","13":"first","14":"instock","15":"taxable","16":"shipping-taxable","17":"purchasable","18":"product-type-simple","19":"berocket_lgv_grid","20":"berocket_lgv_list_grid"},"_links":{"self":[{"href":"https:\/\/valdauto.lt\/index.php?rest_route=\/wp\/v2\/product\/2018","targetHints":{"allow":["GET"]}}],"collection":[{"href":"https:\/\/valdauto.lt\/index.php?rest_route=\/wp\/v2\/product"}],"about":[{"href":"https:\/\/valdauto.lt\/index.php?rest_route=\/wp\/v2\/types\/product"}],"version-history":[{"count":1,"href":"https:\/\/valdauto.lt\/index.php?rest_route=\/wp\/v2\/product\/2018\/revisions"}],"predecessor-version":[{"id":2020,"href":"https:\/\/valdauto.lt\/index.php?rest_route=\/wp\/v2\/product\/2018\/revisions\/2020"}],"wp:featuredmedia":[{"embeddable":true,"href":"https:\/\/valdauto.lt\/index.php?rest_route=\/wp\/v2\/media\/2019"}],"wp:attachment":[{"href":"https:\/\/valdauto.lt\/index.php?rest_route=%2Fwp%2Fv2%2Fmedia&parent=2018"}],"wp:term":[{"taxonomy":"product_brand","embeddable":true,"href":"https:\/\/valdauto.lt\/index.php?rest_route=%2Fwp%2Fv2%2Fproduct_brand&post=2018"},{"taxonomy":"product_cat","embeddable":true,"href":"https:\/\/valdauto.lt\/index.php?rest_route=%2Fwp%2Fv2%2Fproduct_cat&post=2018"},{"taxonomy":"product_tag","embeddable":true,"href":"https:\/\/valdauto.lt\/index.php?rest_route=%2Fwp%2Fv2%2Fproduct_tag&post=2018"}],"curies":[{"name":"wp","href":"https:\/\/api.w.org\/{rel}","templated":true}]}}