{"id":1992,"date":"2022-09-17T18:18:45","date_gmt":"2022-09-17T16:18:45","guid":{"rendered":"https:\/\/valdauto.lt\/?post_type=product&#038;p=1992"},"modified":"2022-09-17T18:18:45","modified_gmt":"2022-09-17T16:18:45","slug":"porsche-macan-t2-galiniai-usa-zibintai","status":"publish","type":"product","link":"https:\/\/valdauto.lt\/?product=porsche-macan-t2-galiniai-usa-zibintai","title":{"rendered":"Porsche macan t2 galiniai USA \u017eibintai"},"content":{"rendered":"<p>Komplektas galini\u0173 \u017eibint\u0173 i\u0161 Porshe macan T2 USA .<\/p>\n","protected":false},"excerpt":{"rendered":"<p>EOM kodai<\/p>\n<p>95b945093c<\/p>\n<p>95b945095c<\/p>\n<p>95b945094c<\/p>\n<p>95b945096c<\/p>\n","protected":false},"featured_media":1993,"template":"","meta":{"om_disable_all_campaigns":false,"_monsterinsights_skip_tracking":false,"_monsterinsights_sitenote_active":false,"_monsterinsights_sitenote_note":"","_monsterinsights_sitenote_category":0,"_uf_show_specific_survey":0,"_uf_disable_surveys":false,"slim_seo":{"title":"Porsche macan t2 galiniai USA \u017eibintai","description":"Komplektas galini\u0173 \u017eibint\u0173 i\u0161 Porshe macan T2 USA ."}},"product_brand":[],"product_cat":[483],"product_tag":[485,487,488,486],"class_list":{"0":"post-1992","1":"product","2":"type-product","3":"status-publish","4":"has-post-thumbnail","6":"brand-porshe","7":"product_cat-kitos-autodalys","8":"product_tag-95b945093c","9":"product_tag-95b945094c","10":"product_tag-95b945095c","11":"product_tag-95b945096c","13":"first","14":"instock","15":"taxable","16":"shipping-taxable","17":"purchasable","18":"product-type-simple","19":"berocket_lgv_grid","20":"berocket_lgv_list_grid"},"_links":{"self":[{"href":"https:\/\/valdauto.lt\/index.php?rest_route=\/wp\/v2\/product\/1992","targetHints":{"allow":["GET"]}}],"collection":[{"href":"https:\/\/valdauto.lt\/index.php?rest_route=\/wp\/v2\/product"}],"about":[{"href":"https:\/\/valdauto.lt\/index.php?rest_route=\/wp\/v2\/types\/product"}],"version-history":[{"count":1,"href":"https:\/\/valdauto.lt\/index.php?rest_route=\/wp\/v2\/product\/1992\/revisions"}],"predecessor-version":[{"id":1998,"href":"https:\/\/valdauto.lt\/index.php?rest_route=\/wp\/v2\/product\/1992\/revisions\/1998"}],"wp:featuredmedia":[{"embeddable":true,"href":"https:\/\/valdauto.lt\/index.php?rest_route=\/wp\/v2\/media\/1993"}],"wp:attachment":[{"href":"https:\/\/valdauto.lt\/index.php?rest_route=%2Fwp%2Fv2%2Fmedia&parent=1992"}],"wp:term":[{"taxonomy":"product_brand","embeddable":true,"href":"https:\/\/valdauto.lt\/index.php?rest_route=%2Fwp%2Fv2%2Fproduct_brand&post=1992"},{"taxonomy":"product_cat","embeddable":true,"href":"https:\/\/valdauto.lt\/index.php?rest_route=%2Fwp%2Fv2%2Fproduct_cat&post=1992"},{"taxonomy":"product_tag","embeddable":true,"href":"https:\/\/valdauto.lt\/index.php?rest_route=%2Fwp%2Fv2%2Fproduct_tag&post=1992"}],"curies":[{"name":"wp","href":"https:\/\/api.w.org\/{rel}","templated":true}]}}