{"id":1901,"date":"2022-06-23T19:16:33","date_gmt":"2022-06-23T17:16:33","guid":{"rendered":"https:\/\/valdauto.lt\/?post_type=product&#038;p=1901"},"modified":"2022-06-23T19:16:33","modified_gmt":"2022-06-23T17:16:33","slug":"a2059006805-zibinto-valdymo-blokas","status":"publish","type":"product","link":"https:\/\/valdauto.lt\/?product=a2059006805-zibinto-valdymo-blokas","title":{"rendered":"A2059006805 \u017eibinto valdymo blokas"},"content":{"rendered":"<p>A2059006805 \u017eibinto valdymo blokas i\u0161 1 le\u0161io \u017eibinto<\/p>\n","protected":false},"excerpt":{"rendered":"<p>Testuotas<\/p>\n","protected":false},"featured_media":1902,"template":"","meta":{"om_disable_all_campaigns":false,"_monsterinsights_skip_tracking":false,"_monsterinsights_sitenote_active":false,"_monsterinsights_sitenote_note":"","_monsterinsights_sitenote_category":0,"_uf_show_specific_survey":0,"_uf_disable_surveys":false,"slim_seo":{"title":"A2059006805 \u017eibinto valdymo blokas","description":"A2059006805 \u017eibinto valdymo blokas i\u0161 1 le\u0161io \u017eibinto"}},"product_brand":[],"product_cat":[22,21],"product_tag":[169,449,448,447,450],"class_list":{"0":"post-1901","1":"product","2":"type-product","3":"status-publish","4":"has-post-thumbnail","6":"product_cat-mercedes-benz-elektronika","7":"product_cat-mercedes-benz-zibintai","8":"product_tag-a2059005010","9":"product_tag-a2059005616","10":"product_tag-a2059006805","11":"product_tag-continental","12":"product_tag-mercedes-benz-c-klases-cabrio","14":"first","15":"instock","16":"taxable","17":"shipping-taxable","18":"purchasable","19":"product-type-simple","20":"berocket_lgv_grid","21":"berocket_lgv_list_grid"},"_links":{"self":[{"href":"https:\/\/valdauto.lt\/index.php?rest_route=\/wp\/v2\/product\/1901","targetHints":{"allow":["GET"]}}],"collection":[{"href":"https:\/\/valdauto.lt\/index.php?rest_route=\/wp\/v2\/product"}],"about":[{"href":"https:\/\/valdauto.lt\/index.php?rest_route=\/wp\/v2\/types\/product"}],"version-history":[{"count":1,"href":"https:\/\/valdauto.lt\/index.php?rest_route=\/wp\/v2\/product\/1901\/revisions"}],"predecessor-version":[{"id":1904,"href":"https:\/\/valdauto.lt\/index.php?rest_route=\/wp\/v2\/product\/1901\/revisions\/1904"}],"wp:featuredmedia":[{"embeddable":true,"href":"https:\/\/valdauto.lt\/index.php?rest_route=\/wp\/v2\/media\/1902"}],"wp:attachment":[{"href":"https:\/\/valdauto.lt\/index.php?rest_route=%2Fwp%2Fv2%2Fmedia&parent=1901"}],"wp:term":[{"taxonomy":"product_brand","embeddable":true,"href":"https:\/\/valdauto.lt\/index.php?rest_route=%2Fwp%2Fv2%2Fproduct_brand&post=1901"},{"taxonomy":"product_cat","embeddable":true,"href":"https:\/\/valdauto.lt\/index.php?rest_route=%2Fwp%2Fv2%2Fproduct_cat&post=1901"},{"taxonomy":"product_tag","embeddable":true,"href":"https:\/\/valdauto.lt\/index.php?rest_route=%2Fwp%2Fv2%2Fproduct_tag&post=1901"}],"curies":[{"name":"wp","href":"https:\/\/api.w.org\/{rel}","templated":true}]}}