{"id":1897,"date":"2022-06-23T18:59:40","date_gmt":"2022-06-23T16:59:40","guid":{"rendered":"https:\/\/valdauto.lt\/?post_type=product&#038;p=1897"},"modified":"2022-06-23T18:59:40","modified_gmt":"2022-06-23T16:59:40","slug":"a2229004505-led-zibinto-valdymo-blokas","status":"publish","type":"product","link":"https:\/\/valdauto.lt\/?product=a2229004505-led-zibinto-valdymo-blokas","title":{"rendered":"A2229004505 LED \u017eibinto valdymo blokas"},"content":{"rendered":"<p>A2229004505 LED \u017eibinto valdymo blokas i\u0161 W205 2 le\u0161i\u0173 \u017eibinto.<\/p>\n","protected":false},"excerpt":{"rendered":"<p>Blokas testuotas.<\/p>\n","protected":false},"featured_media":1898,"template":"","meta":{"om_disable_all_campaigns":false,"_monsterinsights_skip_tracking":false,"_monsterinsights_sitenote_active":false,"_monsterinsights_sitenote_note":"","_monsterinsights_sitenote_category":0,"_uf_show_specific_survey":0,"_uf_disable_surveys":false,"slim_seo":{"title":"A2229004505 LED \u017eibinto valdymo blokas","description":"A2229004505 LED \u017eibinto valdymo blokas i\u0161 W205 2 le\u0161i\u0173 \u017eibinto.\u00a0"}},"product_brand":[],"product_cat":[22,21],"product_tag":[442,441,443,444,398,446,445],"class_list":{"0":"post-1897","1":"product","2":"type-product","3":"status-publish","4":"has-post-thumbnail","6":"product_cat-mercedes-benz-elektronika","7":"product_cat-mercedes-benz-zibintai","8":"product_tag-a2229000806","9":"product_tag-a2229004505","10":"product_tag-a2229006610","11":"product_tag-a2229008105","12":"product_tag-mercedes-benz","13":"product_tag-mercedes-benz-c43","14":"product_tag-mercedes-benz-glc","16":"first","17":"instock","18":"taxable","19":"shipping-taxable","20":"purchasable","21":"product-type-simple","22":"berocket_lgv_grid","23":"berocket_lgv_list_grid"},"_links":{"self":[{"href":"https:\/\/valdauto.lt\/index.php?rest_route=\/wp\/v2\/product\/1897","targetHints":{"allow":["GET"]}}],"collection":[{"href":"https:\/\/valdauto.lt\/index.php?rest_route=\/wp\/v2\/product"}],"about":[{"href":"https:\/\/valdauto.lt\/index.php?rest_route=\/wp\/v2\/types\/product"}],"version-history":[{"count":1,"href":"https:\/\/valdauto.lt\/index.php?rest_route=\/wp\/v2\/product\/1897\/revisions"}],"predecessor-version":[{"id":1900,"href":"https:\/\/valdauto.lt\/index.php?rest_route=\/wp\/v2\/product\/1897\/revisions\/1900"}],"wp:featuredmedia":[{"embeddable":true,"href":"https:\/\/valdauto.lt\/index.php?rest_route=\/wp\/v2\/media\/1898"}],"wp:attachment":[{"href":"https:\/\/valdauto.lt\/index.php?rest_route=%2Fwp%2Fv2%2Fmedia&parent=1897"}],"wp:term":[{"taxonomy":"product_brand","embeddable":true,"href":"https:\/\/valdauto.lt\/index.php?rest_route=%2Fwp%2Fv2%2Fproduct_brand&post=1897"},{"taxonomy":"product_cat","embeddable":true,"href":"https:\/\/valdauto.lt\/index.php?rest_route=%2Fwp%2Fv2%2Fproduct_cat&post=1897"},{"taxonomy":"product_tag","embeddable":true,"href":"https:\/\/valdauto.lt\/index.php?rest_route=%2Fwp%2Fv2%2Fproduct_tag&post=1897"}],"curies":[{"name":"wp","href":"https:\/\/api.w.org\/{rel}","templated":true}]}}