{"id":1893,"date":"2022-06-23T18:56:12","date_gmt":"2022-06-23T16:56:12","guid":{"rendered":"https:\/\/valdauto.lt\/?post_type=product&#038;p=1893"},"modified":"2022-06-23T18:56:13","modified_gmt":"2022-06-23T16:56:13","slug":"a2228700789-led-zibinto-valdymo-blokas","status":"publish","type":"product","link":"https:\/\/valdauto.lt\/?product=a2228700789-led-zibinto-valdymo-blokas","title":{"rendered":"A2228700789 LED \u017eibinto valdymo blokas"},"content":{"rendered":"<p>Mercedes Benz W205 2 le\u0161i\u0173 \u017eibinto valdymo blokas.<\/p>\n","protected":false},"excerpt":{"rendered":"<p>Blokas i\u0161 W205 2 le\u0161i\u0173 \u017eibinto . Testuotas<\/p>\n","protected":false},"featured_media":1894,"template":"","meta":{"om_disable_all_campaigns":false,"_monsterinsights_skip_tracking":false,"_monsterinsights_sitenote_active":false,"_monsterinsights_sitenote_note":"","_monsterinsights_sitenote_category":0,"_uf_show_specific_survey":0,"_uf_disable_surveys":false,"slim_seo":{"title":"A2228700789 LED \u017eibinto valdymo blokas","description":"Mercedes Benz W205 2 le\u0161i\u0173 \u017eibinto valdymo blokas.\u00a0"}},"product_brand":[],"product_cat":[22,21],"product_tag":[438,437,439,440],"class_list":{"0":"post-1893","1":"product","2":"type-product","3":"status-publish","4":"has-post-thumbnail","6":"product_cat-mercedes-benz-elektronika","7":"product_cat-mercedes-benz-zibintai","8":"product_tag-a2228700689","9":"product_tag-a2228700789","10":"product_tag-headlight-led-module","11":"product_tag-mercedes-benz-c-klases-w205","13":"first","14":"instock","15":"taxable","16":"shipping-taxable","17":"purchasable","18":"product-type-simple","19":"berocket_lgv_grid","20":"berocket_lgv_list_grid"},"_links":{"self":[{"href":"https:\/\/valdauto.lt\/index.php?rest_route=\/wp\/v2\/product\/1893","targetHints":{"allow":["GET"]}}],"collection":[{"href":"https:\/\/valdauto.lt\/index.php?rest_route=\/wp\/v2\/product"}],"about":[{"href":"https:\/\/valdauto.lt\/index.php?rest_route=\/wp\/v2\/types\/product"}],"version-history":[{"count":1,"href":"https:\/\/valdauto.lt\/index.php?rest_route=\/wp\/v2\/product\/1893\/revisions"}],"predecessor-version":[{"id":1896,"href":"https:\/\/valdauto.lt\/index.php?rest_route=\/wp\/v2\/product\/1893\/revisions\/1896"}],"wp:featuredmedia":[{"embeddable":true,"href":"https:\/\/valdauto.lt\/index.php?rest_route=\/wp\/v2\/media\/1894"}],"wp:attachment":[{"href":"https:\/\/valdauto.lt\/index.php?rest_route=%2Fwp%2Fv2%2Fmedia&parent=1893"}],"wp:term":[{"taxonomy":"product_brand","embeddable":true,"href":"https:\/\/valdauto.lt\/index.php?rest_route=%2Fwp%2Fv2%2Fproduct_brand&post=1893"},{"taxonomy":"product_cat","embeddable":true,"href":"https:\/\/valdauto.lt\/index.php?rest_route=%2Fwp%2Fv2%2Fproduct_cat&post=1893"},{"taxonomy":"product_tag","embeddable":true,"href":"https:\/\/valdauto.lt\/index.php?rest_route=%2Fwp%2Fv2%2Fproduct_tag&post=1893"}],"curies":[{"name":"wp","href":"https:\/\/api.w.org\/{rel}","templated":true}]}}