{"id":1849,"date":"2022-06-10T20:22:48","date_gmt":"2022-06-10T18:22:48","guid":{"rendered":"https:\/\/valdauto.lt\/?post_type=product&#038;p=1849"},"modified":"2022-06-10T20:22:49","modified_gmt":"2022-06-10T18:22:49","slug":"a2059009534-pxl2plus-led-sviesu-blokas","status":"publish","type":"product","link":"https:\/\/valdauto.lt\/?product=a2059009534-pxl2plus-led-sviesu-blokas","title":{"rendered":"A2059009534 PXL2Plus LED \u0161vies\u0173 blokas"},"content":{"rendered":"<p>A2059009534 PXL2Plus LED \u0161vies\u0173 blokas . Tinka daugelis modeli\u0173 .<\/p>\n","protected":false},"excerpt":{"rendered":"<p>Testuotas . I\u0161 W205 facelift<\/p>\n","protected":false},"featured_media":1850,"template":"","meta":{"om_disable_all_campaigns":false,"_monsterinsights_skip_tracking":false,"_monsterinsights_sitenote_active":false,"_monsterinsights_sitenote_note":"","_monsterinsights_sitenote_category":0,"_uf_show_specific_survey":0,"_uf_disable_surveys":false,"slim_seo":{"title":"A2059009534 PXL2Plus LED \u0161vies\u0173 blokas","description":"A2059009534 PXL2Plus LED \u0161vies\u0173 blokas . Tinka daugelis modeli\u0173 ."}},"product_brand":[],"product_cat":[22,21],"product_tag":[403,23,298,405,404],"class_list":{"0":"post-1849","1":"product","2":"type-product","3":"status-publish","4":"has-post-thumbnail","6":"product_cat-mercedes-benz-elektronika","7":"product_cat-mercedes-benz-zibintai","8":"product_tag-a2059009534","9":"product_tag-glc","10":"product_tag-glc-dalys","11":"product_tag-mercedes-dalis","12":"product_tag-pxl2plus","14":"first","15":"instock","16":"taxable","17":"shipping-taxable","18":"purchasable","19":"product-type-simple","20":"berocket_lgv_grid","21":"berocket_lgv_list_grid"},"_links":{"self":[{"href":"https:\/\/valdauto.lt\/index.php?rest_route=\/wp\/v2\/product\/1849","targetHints":{"allow":["GET"]}}],"collection":[{"href":"https:\/\/valdauto.lt\/index.php?rest_route=\/wp\/v2\/product"}],"about":[{"href":"https:\/\/valdauto.lt\/index.php?rest_route=\/wp\/v2\/types\/product"}],"version-history":[{"count":1,"href":"https:\/\/valdauto.lt\/index.php?rest_route=\/wp\/v2\/product\/1849\/revisions"}],"predecessor-version":[{"id":1852,"href":"https:\/\/valdauto.lt\/index.php?rest_route=\/wp\/v2\/product\/1849\/revisions\/1852"}],"wp:featuredmedia":[{"embeddable":true,"href":"https:\/\/valdauto.lt\/index.php?rest_route=\/wp\/v2\/media\/1850"}],"wp:attachment":[{"href":"https:\/\/valdauto.lt\/index.php?rest_route=%2Fwp%2Fv2%2Fmedia&parent=1849"}],"wp:term":[{"taxonomy":"product_brand","embeddable":true,"href":"https:\/\/valdauto.lt\/index.php?rest_route=%2Fwp%2Fv2%2Fproduct_brand&post=1849"},{"taxonomy":"product_cat","embeddable":true,"href":"https:\/\/valdauto.lt\/index.php?rest_route=%2Fwp%2Fv2%2Fproduct_cat&post=1849"},{"taxonomy":"product_tag","embeddable":true,"href":"https:\/\/valdauto.lt\/index.php?rest_route=%2Fwp%2Fv2%2Fproduct_tag&post=1849"}],"curies":[{"name":"wp","href":"https:\/\/api.w.org\/{rel}","templated":true}]}}