{"id":1804,"date":"2022-03-27T20:11:37","date_gmt":"2022-03-27T18:11:37","guid":{"rendered":"https:\/\/valdauto.lt\/?post_type=product&#038;p=1804"},"modified":"2022-03-27T20:11:37","modified_gmt":"2022-03-27T18:11:37","slug":"c43-pusasis-priekinis-desines-puses-a2053303706","status":"publish","type":"product","link":"https:\/\/valdauto.lt\/?product=c43-pusasis-priekinis-desines-puses-a2053303706","title":{"rendered":"C43 pusa\u0161is priekinis de\u0161in\u0117s pus\u0117s A2053303706"},"content":{"rendered":"<p>C43 pusa\u0161is priekinis de\u0161in\u0117s pus\u0117s A2053303706 .<\/p>\n","protected":false},"excerpt":{"rendered":"<p>C43 4 Matic priekinis de\u0161in\u0117s pus\u0117s pusa\u0161is. Tinka daugelis 4 matic modeli\u0173 .<\/p>\n","protected":false},"featured_media":1805,"template":"","meta":{"om_disable_all_campaigns":false,"_monsterinsights_skip_tracking":false,"_monsterinsights_sitenote_active":false,"_monsterinsights_sitenote_note":"","_monsterinsights_sitenote_category":0,"_uf_show_specific_survey":0,"_uf_disable_surveys":false,"slim_seo":{"title":"C43 pusa\u0161is priekinis de\u0161in\u0117s pus\u0117s A2053303706 .\u00a0","description":"C43 pusa\u0161is priekinis de\u0161in\u0117s pus\u0117s A2053303706 tinka daugelis modeli\u0173"}},"product_brand":[],"product_cat":[15],"product_tag":[384],"class_list":{"0":"post-1804","1":"product","2":"type-product","3":"status-publish","4":"has-post-thumbnail","6":"product_cat-mercedes-benz-pakaba","7":"product_tag-a2053303706","9":"first","10":"instock","11":"taxable","12":"shipping-taxable","13":"purchasable","14":"product-type-simple","15":"berocket_lgv_grid","16":"berocket_lgv_list_grid"},"_links":{"self":[{"href":"https:\/\/valdauto.lt\/index.php?rest_route=\/wp\/v2\/product\/1804","targetHints":{"allow":["GET"]}}],"collection":[{"href":"https:\/\/valdauto.lt\/index.php?rest_route=\/wp\/v2\/product"}],"about":[{"href":"https:\/\/valdauto.lt\/index.php?rest_route=\/wp\/v2\/types\/product"}],"version-history":[{"count":1,"href":"https:\/\/valdauto.lt\/index.php?rest_route=\/wp\/v2\/product\/1804\/revisions"}],"predecessor-version":[{"id":1806,"href":"https:\/\/valdauto.lt\/index.php?rest_route=\/wp\/v2\/product\/1804\/revisions\/1806"}],"wp:featuredmedia":[{"embeddable":true,"href":"https:\/\/valdauto.lt\/index.php?rest_route=\/wp\/v2\/media\/1805"}],"wp:attachment":[{"href":"https:\/\/valdauto.lt\/index.php?rest_route=%2Fwp%2Fv2%2Fmedia&parent=1804"}],"wp:term":[{"taxonomy":"product_brand","embeddable":true,"href":"https:\/\/valdauto.lt\/index.php?rest_route=%2Fwp%2Fv2%2Fproduct_brand&post=1804"},{"taxonomy":"product_cat","embeddable":true,"href":"https:\/\/valdauto.lt\/index.php?rest_route=%2Fwp%2Fv2%2Fproduct_cat&post=1804"},{"taxonomy":"product_tag","embeddable":true,"href":"https:\/\/valdauto.lt\/index.php?rest_route=%2Fwp%2Fv2%2Fproduct_tag&post=1804"}],"curies":[{"name":"wp","href":"https:\/\/api.w.org\/{rel}","templated":true}]}}