{"id":179,"date":"2020-07-23T17:39:40","date_gmt":"2020-07-23T15:39:40","guid":{"rendered":"http:\/\/valdauto.lt\/?post_type=product&#038;p=179"},"modified":"2020-07-23T17:39:40","modified_gmt":"2020-07-23T15:39:40","slug":"mercedes-benz-glc-x253-galinio-dangcio-kamera-a0009051503","status":"publish","type":"product","link":"https:\/\/valdauto.lt\/?product=mercedes-benz-glc-x253-galinio-dangcio-kamera-a0009051503","title":{"rendered":"Mercedes Benz GLC (X253) Galinio dang\u010dio kamera A0009051503"},"content":{"rendered":"<p>Mercedes Benz GLC (X253) Galinio dang\u010dio kamera A0009051503 , tinka daugeliui modeli\u0173 . Su rankena A1667500993<\/p>\n","protected":false},"excerpt":{"rendered":"<p>Mercedes Benz GLC (X253) Galinio dang\u010dio kamera A0009051503 , tinka daugeliui modeli\u0173 . Su rankena A1667500993<\/p>\n","protected":false},"featured_media":182,"template":"","meta":{"om_disable_all_campaigns":false,"_monsterinsights_skip_tracking":false,"_monsterinsights_sitenote_active":false,"_monsterinsights_sitenote_note":"","_monsterinsights_sitenote_category":0,"_uf_show_specific_survey":0,"_uf_disable_surveys":false,"slim_seo":{"title":"Mercedes Benz GLC (X253) Galinio dang\u010dio kamera A0009051503 - Mercedes benz naudotos dalys","description":"Mercedes Benz GLC (X253) Galinio dang\u010dio kamera A0009051503 , tinka daugeliui modeli\u0173 . Su rankena A1667500993"}},"product_brand":[],"product_cat":[31,22],"product_tag":[55,56],"class_list":{"0":"post-179","1":"product","2":"type-product","3":"status-publish","4":"has-post-thumbnail","6":"product_cat-mercedes-benz-salono-komforto-aksesuarai","7":"product_cat-mercedes-benz-elektronika","8":"product_tag-a0009051503","9":"product_tag-a1667500993","11":"first","12":"instock","13":"taxable","14":"shipping-taxable","15":"purchasable","16":"product-type-simple","17":"berocket_lgv_grid","18":"berocket_lgv_list_grid"},"_links":{"self":[{"href":"https:\/\/valdauto.lt\/index.php?rest_route=\/wp\/v2\/product\/179","targetHints":{"allow":["GET"]}}],"collection":[{"href":"https:\/\/valdauto.lt\/index.php?rest_route=\/wp\/v2\/product"}],"about":[{"href":"https:\/\/valdauto.lt\/index.php?rest_route=\/wp\/v2\/types\/product"}],"version-history":[{"count":1,"href":"https:\/\/valdauto.lt\/index.php?rest_route=\/wp\/v2\/product\/179\/revisions"}],"predecessor-version":[{"id":184,"href":"https:\/\/valdauto.lt\/index.php?rest_route=\/wp\/v2\/product\/179\/revisions\/184"}],"wp:featuredmedia":[{"embeddable":true,"href":"https:\/\/valdauto.lt\/index.php?rest_route=\/wp\/v2\/media\/182"}],"wp:attachment":[{"href":"https:\/\/valdauto.lt\/index.php?rest_route=%2Fwp%2Fv2%2Fmedia&parent=179"}],"wp:term":[{"taxonomy":"product_brand","embeddable":true,"href":"https:\/\/valdauto.lt\/index.php?rest_route=%2Fwp%2Fv2%2Fproduct_brand&post=179"},{"taxonomy":"product_cat","embeddable":true,"href":"https:\/\/valdauto.lt\/index.php?rest_route=%2Fwp%2Fv2%2Fproduct_cat&post=179"},{"taxonomy":"product_tag","embeddable":true,"href":"https:\/\/valdauto.lt\/index.php?rest_route=%2Fwp%2Fv2%2Fproduct_tag&post=179"}],"curies":[{"name":"wp","href":"https:\/\/api.w.org\/{rel}","templated":true}]}}