{"id":1756,"date":"2022-01-22T21:04:17","date_gmt":"2022-01-22T19:04:17","guid":{"rendered":"https:\/\/valdauto.lt\/?post_type=product&#038;p=1756"},"modified":"2022-01-22T21:04:17","modified_gmt":"2022-01-22T19:04:17","slug":"a0009003713-mercedes-benz-padangu-slegio-modulis","status":"publish","type":"product","link":"https:\/\/valdauto.lt\/?product=a0009003713-mercedes-benz-padangu-slegio-modulis","title":{"rendered":"A0009003713 Mercedes Benz padang\u0173 sl\u0117gio modulis"},"content":{"rendered":"<p>A0009003713 Mercedes Benz padang\u0173 sl\u0117gio modulis<\/p>\n","protected":false},"excerpt":{"rendered":"<p>Tinka daugeliui modeli\u0173 .<\/p>\n<p>Kaina su PVM<\/p>\n","protected":false},"featured_media":1757,"template":"","meta":{"om_disable_all_campaigns":false,"_monsterinsights_skip_tracking":false,"_monsterinsights_sitenote_active":false,"_monsterinsights_sitenote_note":"","_monsterinsights_sitenote_category":0,"_uf_show_specific_survey":0,"_uf_disable_surveys":false,"slim_seo":{"title":"A0009003713 Mercedes Benz padang\u0173 sl\u0117gio modulis","description":"A0009003713 Mercedes Benz padang\u0173 sl\u0117gio modulis W205 \/ X253"}},"product_brand":[],"product_cat":[22],"product_tag":[368,369,298,309],"class_list":{"0":"post-1756","1":"product","2":"type-product","3":"status-publish","4":"has-post-thumbnail","6":"product_cat-mercedes-benz-elektronika","7":"product_tag-a0009003713","8":"product_tag-c-kalses-dalys","9":"product_tag-glc-dalys","10":"product_tag-mercedes-dalys","12":"first","13":"instock","14":"taxable","15":"shipping-taxable","16":"purchasable","17":"product-type-simple","18":"berocket_lgv_grid","19":"berocket_lgv_list_grid"},"_links":{"self":[{"href":"https:\/\/valdauto.lt\/index.php?rest_route=\/wp\/v2\/product\/1756","targetHints":{"allow":["GET"]}}],"collection":[{"href":"https:\/\/valdauto.lt\/index.php?rest_route=\/wp\/v2\/product"}],"about":[{"href":"https:\/\/valdauto.lt\/index.php?rest_route=\/wp\/v2\/types\/product"}],"version-history":[{"count":1,"href":"https:\/\/valdauto.lt\/index.php?rest_route=\/wp\/v2\/product\/1756\/revisions"}],"predecessor-version":[{"id":1758,"href":"https:\/\/valdauto.lt\/index.php?rest_route=\/wp\/v2\/product\/1756\/revisions\/1758"}],"wp:featuredmedia":[{"embeddable":true,"href":"https:\/\/valdauto.lt\/index.php?rest_route=\/wp\/v2\/media\/1757"}],"wp:attachment":[{"href":"https:\/\/valdauto.lt\/index.php?rest_route=%2Fwp%2Fv2%2Fmedia&parent=1756"}],"wp:term":[{"taxonomy":"product_brand","embeddable":true,"href":"https:\/\/valdauto.lt\/index.php?rest_route=%2Fwp%2Fv2%2Fproduct_brand&post=1756"},{"taxonomy":"product_cat","embeddable":true,"href":"https:\/\/valdauto.lt\/index.php?rest_route=%2Fwp%2Fv2%2Fproduct_cat&post=1756"},{"taxonomy":"product_tag","embeddable":true,"href":"https:\/\/valdauto.lt\/index.php?rest_route=%2Fwp%2Fv2%2Fproduct_tag&post=1756"}],"curies":[{"name":"wp","href":"https:\/\/api.w.org\/{rel}","templated":true}]}}