{"id":173,"date":"2020-07-23T17:34:18","date_gmt":"2020-07-23T15:34:18","guid":{"rendered":"http:\/\/valdauto.lt\/?post_type=product&#038;p=173"},"modified":"2020-07-23T17:34:18","modified_gmt":"2020-07-23T15:34:18","slug":"mercedes-benz-glc-x253-c-w205-apsvietimo-daviklis-a2539000100","status":"publish","type":"product","link":"https:\/\/valdauto.lt\/?product=mercedes-benz-glc-x253-c-w205-apsvietimo-daviklis-a2539000100","title":{"rendered":"Mercedes benz GLC ( X253) C (W205) ap\u0161vietimo daviklis A2539000100"},"content":{"rendered":"<p>Mercedes benz GLC ( X253) C (W205) ap\u0161vietimo daviklis A2539000100, tinka daugelis modeli\u0173<\/p>\n","protected":false},"excerpt":{"rendered":"<p>Mercedes benz GLC ( X253) C (W205) ap\u0161vietimo daviklis A2539000100, tinka daugelis modeli\u0173<\/p>\n","protected":false},"featured_media":176,"template":"","meta":{"om_disable_all_campaigns":false,"_monsterinsights_skip_tracking":false,"_monsterinsights_sitenote_active":false,"_monsterinsights_sitenote_note":"","_monsterinsights_sitenote_category":0,"_uf_show_specific_survey":0,"_uf_disable_surveys":false,"slim_seo":{"title":"Mercedes benz GLC ( X253) C (W205) ap\u0161vietimo daviklis A2539000100 - Mercedes benz naudotos dalys","description":"Mercedes benz GLC ( X253) C (W205) ap\u0161vietimo daviklis A2539000100, tinka daugelis modeli\u0173"}},"product_brand":[],"product_cat":[31,22],"product_tag":[54,23],"class_list":{"0":"post-173","1":"product","2":"type-product","3":"status-publish","4":"has-post-thumbnail","6":"product_cat-mercedes-benz-salono-komforto-aksesuarai","7":"product_cat-mercedes-benz-elektronika","8":"product_tag-a2539000100","9":"product_tag-glc","11":"first","12":"instock","13":"taxable","14":"shipping-taxable","15":"purchasable","16":"product-type-simple","17":"berocket_lgv_grid","18":"berocket_lgv_list_grid"},"_links":{"self":[{"href":"https:\/\/valdauto.lt\/index.php?rest_route=\/wp\/v2\/product\/173","targetHints":{"allow":["GET"]}}],"collection":[{"href":"https:\/\/valdauto.lt\/index.php?rest_route=\/wp\/v2\/product"}],"about":[{"href":"https:\/\/valdauto.lt\/index.php?rest_route=\/wp\/v2\/types\/product"}],"version-history":[{"count":1,"href":"https:\/\/valdauto.lt\/index.php?rest_route=\/wp\/v2\/product\/173\/revisions"}],"predecessor-version":[{"id":178,"href":"https:\/\/valdauto.lt\/index.php?rest_route=\/wp\/v2\/product\/173\/revisions\/178"}],"wp:featuredmedia":[{"embeddable":true,"href":"https:\/\/valdauto.lt\/index.php?rest_route=\/wp\/v2\/media\/176"}],"wp:attachment":[{"href":"https:\/\/valdauto.lt\/index.php?rest_route=%2Fwp%2Fv2%2Fmedia&parent=173"}],"wp:term":[{"taxonomy":"product_brand","embeddable":true,"href":"https:\/\/valdauto.lt\/index.php?rest_route=%2Fwp%2Fv2%2Fproduct_brand&post=173"},{"taxonomy":"product_cat","embeddable":true,"href":"https:\/\/valdauto.lt\/index.php?rest_route=%2Fwp%2Fv2%2Fproduct_cat&post=173"},{"taxonomy":"product_tag","embeddable":true,"href":"https:\/\/valdauto.lt\/index.php?rest_route=%2Fwp%2Fv2%2Fproduct_tag&post=173"}],"curies":[{"name":"wp","href":"https:\/\/api.w.org\/{rel}","templated":true}]}}