{"id":1631,"date":"2021-12-22T21:40:28","date_gmt":"2021-12-22T19:40:28","guid":{"rendered":"https:\/\/valdauto.lt\/?post_type=product&#038;p=1631"},"modified":"2021-12-22T21:40:28","modified_gmt":"2021-12-22T19:40:28","slug":"a2533320101-mercedes-benz-glc-x253-priekine-kaire-stebule","status":"publish","type":"product","link":"https:\/\/valdauto.lt\/?product=a2533320101-mercedes-benz-glc-x253-priekine-kaire-stebule","title":{"rendered":"A2533320101 Mercedes benz GLC (X253) Priekin\u0117 kair\u0117 stebul\u0117"},"content":{"rendered":"<p>A2533320101 Mercedes benz GLC (X253) Priekin\u0117 kair\u0117 stebul\u0117<\/p>\n","protected":false},"excerpt":{"rendered":"<p>GLC SUV \/ COUPE . Kaina be guolio<\/p>\n","protected":false},"featured_media":1632,"template":"","meta":{"om_disable_all_campaigns":false,"_monsterinsights_skip_tracking":false,"_monsterinsights_sitenote_active":false,"_monsterinsights_sitenote_note":"","_monsterinsights_sitenote_category":0,"_uf_show_specific_survey":0,"_uf_disable_surveys":false,"slim_seo":{"title":"A2533320101 Mercedes benz GLC (X253) Priekin\u0117 kair\u0117 stebul\u0117","description":"A2533320101 Mercedes benz GLC (X253) Priekin\u0117 kair\u0117 stebul\u0117"}},"product_brand":[],"product_cat":[15],"product_tag":[331],"class_list":{"0":"post-1631","1":"product","2":"type-product","3":"status-publish","4":"has-post-thumbnail","6":"product_cat-mercedes-benz-pakaba","7":"product_tag-a2533320101","9":"first","10":"instock","11":"taxable","12":"shipping-taxable","13":"purchasable","14":"product-type-simple","15":"berocket_lgv_grid","16":"berocket_lgv_list_grid"},"_links":{"self":[{"href":"https:\/\/valdauto.lt\/index.php?rest_route=\/wp\/v2\/product\/1631","targetHints":{"allow":["GET"]}}],"collection":[{"href":"https:\/\/valdauto.lt\/index.php?rest_route=\/wp\/v2\/product"}],"about":[{"href":"https:\/\/valdauto.lt\/index.php?rest_route=\/wp\/v2\/types\/product"}],"version-history":[{"count":1,"href":"https:\/\/valdauto.lt\/index.php?rest_route=\/wp\/v2\/product\/1631\/revisions"}],"predecessor-version":[{"id":1633,"href":"https:\/\/valdauto.lt\/index.php?rest_route=\/wp\/v2\/product\/1631\/revisions\/1633"}],"wp:featuredmedia":[{"embeddable":true,"href":"https:\/\/valdauto.lt\/index.php?rest_route=\/wp\/v2\/media\/1632"}],"wp:attachment":[{"href":"https:\/\/valdauto.lt\/index.php?rest_route=%2Fwp%2Fv2%2Fmedia&parent=1631"}],"wp:term":[{"taxonomy":"product_brand","embeddable":true,"href":"https:\/\/valdauto.lt\/index.php?rest_route=%2Fwp%2Fv2%2Fproduct_brand&post=1631"},{"taxonomy":"product_cat","embeddable":true,"href":"https:\/\/valdauto.lt\/index.php?rest_route=%2Fwp%2Fv2%2Fproduct_cat&post=1631"},{"taxonomy":"product_tag","embeddable":true,"href":"https:\/\/valdauto.lt\/index.php?rest_route=%2Fwp%2Fv2%2Fproduct_tag&post=1631"}],"curies":[{"name":"wp","href":"https:\/\/api.w.org\/{rel}","templated":true}]}}