{"id":1404,"date":"2021-03-25T18:45:35","date_gmt":"2021-03-25T16:45:35","guid":{"rendered":"https:\/\/valdauto.lt\/?post_type=product&#038;p=1404"},"modified":"2021-03-25T18:45:36","modified_gmt":"2021-03-25T16:45:36","slug":"mercedes-benz-galinio-matymo-veidrodelis-a2228100217","status":"publish","type":"product","link":"https:\/\/valdauto.lt\/?product=mercedes-benz-galinio-matymo-veidrodelis-a2228100217","title":{"rendered":"Mercedes benz galinio matymo veidrod\u0117lis A2228100217"},"content":{"rendered":"","protected":false},"excerpt":{"rendered":"<p>Mercedes benz galinio matymo veidrod\u0117lis A2228100217 tinka daugelis modeli\u0173 .<\/p>\n","protected":false},"featured_media":1405,"template":"","meta":{"om_disable_all_campaigns":false,"_monsterinsights_skip_tracking":false,"_monsterinsights_sitenote_active":false,"_monsterinsights_sitenote_note":"","_monsterinsights_sitenote_category":0,"_uf_show_specific_survey":0,"_uf_disable_surveys":false,"slim_seo":{"title":"Mercedes benz galinio matymo veidrod\u0117lis A2228100217","description":"Mercedes benz galinio matymo veidrod\u0117lis A2228100217 tinka daugelis modeli\u0173 ."}},"product_brand":[],"product_cat":[31],"product_tag":[253],"class_list":{"0":"post-1404","1":"product","2":"type-product","3":"status-publish","4":"has-post-thumbnail","6":"product_cat-mercedes-benz-salono-komforto-aksesuarai","7":"product_tag-a2228100217","9":"first","10":"instock","11":"taxable","12":"shipping-taxable","13":"purchasable","14":"product-type-simple","15":"berocket_lgv_grid","16":"berocket_lgv_list_grid"},"_links":{"self":[{"href":"https:\/\/valdauto.lt\/index.php?rest_route=\/wp\/v2\/product\/1404","targetHints":{"allow":["GET"]}}],"collection":[{"href":"https:\/\/valdauto.lt\/index.php?rest_route=\/wp\/v2\/product"}],"about":[{"href":"https:\/\/valdauto.lt\/index.php?rest_route=\/wp\/v2\/types\/product"}],"version-history":[{"count":1,"href":"https:\/\/valdauto.lt\/index.php?rest_route=\/wp\/v2\/product\/1404\/revisions"}],"predecessor-version":[{"id":1406,"href":"https:\/\/valdauto.lt\/index.php?rest_route=\/wp\/v2\/product\/1404\/revisions\/1406"}],"wp:featuredmedia":[{"embeddable":true,"href":"https:\/\/valdauto.lt\/index.php?rest_route=\/wp\/v2\/media\/1405"}],"wp:attachment":[{"href":"https:\/\/valdauto.lt\/index.php?rest_route=%2Fwp%2Fv2%2Fmedia&parent=1404"}],"wp:term":[{"taxonomy":"product_brand","embeddable":true,"href":"https:\/\/valdauto.lt\/index.php?rest_route=%2Fwp%2Fv2%2Fproduct_brand&post=1404"},{"taxonomy":"product_cat","embeddable":true,"href":"https:\/\/valdauto.lt\/index.php?rest_route=%2Fwp%2Fv2%2Fproduct_cat&post=1404"},{"taxonomy":"product_tag","embeddable":true,"href":"https:\/\/valdauto.lt\/index.php?rest_route=%2Fwp%2Fv2%2Fproduct_tag&post=1404"}],"curies":[{"name":"wp","href":"https:\/\/api.w.org\/{rel}","templated":true}]}}