{"id":1269,"date":"2020-11-15T16:38:08","date_gmt":"2020-11-15T14:38:08","guid":{"rendered":"https:\/\/valdauto.lt\/?post_type=product&#038;p=1269"},"modified":"2020-11-15T16:38:08","modified_gmt":"2020-11-15T14:38:08","slug":"vasariniai-ratlankiai-hankook-205-60-r16-92v-ventus-s1-evo2","status":"publish","type":"product","link":"https:\/\/valdauto.lt\/?product=vasariniai-ratlankiai-hankook-205-60-r16-92v-ventus-s1-evo2","title":{"rendered":"VASARINIAI RATLANKIAI HANKOOK 205\/60 R16 92V VENTUS S1 EVO2"},"content":{"rendered":"<p>BMW Ratlankiai su naujomis vasarin\u0117mis padangomis HANKOOK 205\/60 R16 92V VENTUS S1 EVO2 .<\/p>\n","protected":false},"excerpt":{"rendered":"<p>Pilnas komplektas, vasarini\u0173 nauj\u0173 padang\u0173 , \u0161tampuoti ratlankiai, su sl\u0117gio davikliais<\/p>\n","protected":false},"featured_media":1270,"template":"","meta":{"om_disable_all_campaigns":false,"_monsterinsights_skip_tracking":false,"_monsterinsights_sitenote_active":false,"_monsterinsights_sitenote_note":"","_monsterinsights_sitenote_category":0,"_uf_show_specific_survey":0,"_uf_disable_surveys":false,"slim_seo":{"title":"HANKOOK 205\/60 R16 92V VENTUS S1 EVO2","description":"BMW Ratlankiai su naujomis vasarin\u0117mis padangomis HANKOOK 205\/60 R16 92V VENTUS S1 EVO2 ."}},"product_brand":[],"product_cat":[217],"product_tag":[227,228],"class_list":{"0":"post-1269","1":"product","2":"type-product","3":"status-publish","4":"has-post-thumbnail","6":"product_cat-bmw-ratlankiai","7":"product_tag-hankook","8":"product_tag-ventus-s1-evo2","10":"first","11":"instock","12":"taxable","13":"shipping-taxable","14":"purchasable","15":"product-type-simple","16":"berocket_lgv_grid","17":"berocket_lgv_list_grid"},"_links":{"self":[{"href":"https:\/\/valdauto.lt\/index.php?rest_route=\/wp\/v2\/product\/1269","targetHints":{"allow":["GET"]}}],"collection":[{"href":"https:\/\/valdauto.lt\/index.php?rest_route=\/wp\/v2\/product"}],"about":[{"href":"https:\/\/valdauto.lt\/index.php?rest_route=\/wp\/v2\/types\/product"}],"version-history":[{"count":1,"href":"https:\/\/valdauto.lt\/index.php?rest_route=\/wp\/v2\/product\/1269\/revisions"}],"predecessor-version":[{"id":1273,"href":"https:\/\/valdauto.lt\/index.php?rest_route=\/wp\/v2\/product\/1269\/revisions\/1273"}],"wp:featuredmedia":[{"embeddable":true,"href":"https:\/\/valdauto.lt\/index.php?rest_route=\/wp\/v2\/media\/1270"}],"wp:attachment":[{"href":"https:\/\/valdauto.lt\/index.php?rest_route=%2Fwp%2Fv2%2Fmedia&parent=1269"}],"wp:term":[{"taxonomy":"product_brand","embeddable":true,"href":"https:\/\/valdauto.lt\/index.php?rest_route=%2Fwp%2Fv2%2Fproduct_brand&post=1269"},{"taxonomy":"product_cat","embeddable":true,"href":"https:\/\/valdauto.lt\/index.php?rest_route=%2Fwp%2Fv2%2Fproduct_cat&post=1269"},{"taxonomy":"product_tag","embeddable":true,"href":"https:\/\/valdauto.lt\/index.php?rest_route=%2Fwp%2Fv2%2Fproduct_tag&post=1269"}],"curies":[{"name":"wp","href":"https:\/\/api.w.org\/{rel}","templated":true}]}}