{"id":1236,"date":"2020-11-07T23:55:21","date_gmt":"2020-11-07T21:55:21","guid":{"rendered":"https:\/\/valdauto.lt\/?post_type=product&#038;p=1236"},"modified":"2020-11-07T23:55:22","modified_gmt":"2020-11-07T21:55:22","slug":"amg-5-twin-spoke-wheels-ratlankiai-r19-2","status":"publish","type":"product","link":"https:\/\/valdauto.lt\/?product=amg-5-twin-spoke-wheels-ratlankiai-r19-2","title":{"rendered":"AMG 5 Twin Spoke Wheels ratlankiai R19"},"content":{"rendered":"<p>Originalus AMG 5 Twin Spoke Wheels ratlankiai R19 su \u017eiemin\u0117mis padangomis<\/p>\n","protected":false},"excerpt":{"rendered":"<p>\u017diemin\u0117s padangos<\/p>\n","protected":false},"featured_media":1237,"template":"","meta":{"om_disable_all_campaigns":false,"_monsterinsights_skip_tracking":false,"_monsterinsights_sitenote_active":false,"_monsterinsights_sitenote_note":"","_monsterinsights_sitenote_category":0,"_uf_show_specific_survey":0,"_uf_disable_surveys":false,"slim_seo":{"title":"Originalus AMG 5 Twin Spoke Wheels ratlankiai R19 su \u017eiemin\u0117mis padangomis","description":"Originalus AMG 5 Twin Spoke Wheels ratlankiai R19 su \u017eiemin\u0117mis padangomis"}},"product_brand":[],"product_cat":[19],"product_tag":[23,24],"class_list":{"0":"post-1236","1":"product","2":"type-product","3":"status-publish","4":"has-post-thumbnail","6":"product_cat-mercedes-benz-ratlankiai","7":"product_tag-glc","8":"product_tag-x253","10":"first","11":"instock","12":"taxable","13":"shipping-taxable","14":"purchasable","15":"product-type-simple","16":"berocket_lgv_grid","17":"berocket_lgv_list_grid"},"_links":{"self":[{"href":"https:\/\/valdauto.lt\/index.php?rest_route=\/wp\/v2\/product\/1236","targetHints":{"allow":["GET"]}}],"collection":[{"href":"https:\/\/valdauto.lt\/index.php?rest_route=\/wp\/v2\/product"}],"about":[{"href":"https:\/\/valdauto.lt\/index.php?rest_route=\/wp\/v2\/types\/product"}],"version-history":[{"count":1,"href":"https:\/\/valdauto.lt\/index.php?rest_route=\/wp\/v2\/product\/1236\/revisions"}],"predecessor-version":[{"id":1238,"href":"https:\/\/valdauto.lt\/index.php?rest_route=\/wp\/v2\/product\/1236\/revisions\/1238"}],"wp:featuredmedia":[{"embeddable":true,"href":"https:\/\/valdauto.lt\/index.php?rest_route=\/wp\/v2\/media\/1237"}],"wp:attachment":[{"href":"https:\/\/valdauto.lt\/index.php?rest_route=%2Fwp%2Fv2%2Fmedia&parent=1236"}],"wp:term":[{"taxonomy":"product_brand","embeddable":true,"href":"https:\/\/valdauto.lt\/index.php?rest_route=%2Fwp%2Fv2%2Fproduct_brand&post=1236"},{"taxonomy":"product_cat","embeddable":true,"href":"https:\/\/valdauto.lt\/index.php?rest_route=%2Fwp%2Fv2%2Fproduct_cat&post=1236"},{"taxonomy":"product_tag","embeddable":true,"href":"https:\/\/valdauto.lt\/index.php?rest_route=%2Fwp%2Fv2%2Fproduct_tag&post=1236"}],"curies":[{"name":"wp","href":"https:\/\/api.w.org\/{rel}","templated":true}]}}