{"id":1190,"date":"2020-11-02T17:46:18","date_gmt":"2020-11-02T15:46:18","guid":{"rendered":"https:\/\/valdauto.lt\/?post_type=product&#038;p=1190"},"modified":"2020-11-02T17:46:18","modified_gmt":"2020-11-02T15:46:18","slug":"bmw-zieminiu-padangu-komplektas-r16","status":"publish","type":"product","link":"https:\/\/valdauto.lt\/?product=bmw-zieminiu-padangu-komplektas-r16","title":{"rendered":"BMW \u017diemini\u0173 padang\u0173 komplektas R16"},"content":{"rendered":"<p>Padangos ContiWinterContact TS830P SSR 205\/60 R16<\/p>\n","protected":false},"excerpt":{"rendered":"<p>Su sl\u0117gio davikliais , europinis variantas.<\/p>\n","protected":false},"featured_media":1191,"template":"","meta":{"om_disable_all_campaigns":false,"_monsterinsights_skip_tracking":false,"_monsterinsights_sitenote_active":false,"_monsterinsights_sitenote_note":"","_monsterinsights_sitenote_category":0,"_uf_show_specific_survey":0,"_uf_disable_surveys":false,"slim_seo":{"title":"BMW \u017diemini\u0173 padang\u0173 komplektas R16","description":"Padangos ContiWinterContact TS830P SSR 205\/60 R16\u00a0"}},"product_brand":[],"product_cat":[217],"product_tag":[224,222,223],"class_list":{"0":"post-1190","1":"product","2":"type-product","3":"status-publish","4":"has-post-thumbnail","6":"product_cat-bmw-ratlankiai","7":"product_tag-205-60-r16","8":"product_tag-contiwintercontact","9":"product_tag-ts830p-ssr","11":"first","12":"instock","13":"taxable","14":"shipping-taxable","15":"purchasable","16":"product-type-simple","17":"berocket_lgv_grid","18":"berocket_lgv_list_grid"},"_links":{"self":[{"href":"https:\/\/valdauto.lt\/index.php?rest_route=\/wp\/v2\/product\/1190","targetHints":{"allow":["GET"]}}],"collection":[{"href":"https:\/\/valdauto.lt\/index.php?rest_route=\/wp\/v2\/product"}],"about":[{"href":"https:\/\/valdauto.lt\/index.php?rest_route=\/wp\/v2\/types\/product"}],"version-history":[{"count":1,"href":"https:\/\/valdauto.lt\/index.php?rest_route=\/wp\/v2\/product\/1190\/revisions"}],"predecessor-version":[{"id":1196,"href":"https:\/\/valdauto.lt\/index.php?rest_route=\/wp\/v2\/product\/1190\/revisions\/1196"}],"wp:featuredmedia":[{"embeddable":true,"href":"https:\/\/valdauto.lt\/index.php?rest_route=\/wp\/v2\/media\/1191"}],"wp:attachment":[{"href":"https:\/\/valdauto.lt\/index.php?rest_route=%2Fwp%2Fv2%2Fmedia&parent=1190"}],"wp:term":[{"taxonomy":"product_brand","embeddable":true,"href":"https:\/\/valdauto.lt\/index.php?rest_route=%2Fwp%2Fv2%2Fproduct_brand&post=1190"},{"taxonomy":"product_cat","embeddable":true,"href":"https:\/\/valdauto.lt\/index.php?rest_route=%2Fwp%2Fv2%2Fproduct_cat&post=1190"},{"taxonomy":"product_tag","embeddable":true,"href":"https:\/\/valdauto.lt\/index.php?rest_route=%2Fwp%2Fv2%2Fproduct_tag&post=1190"}],"curies":[{"name":"wp","href":"https:\/\/api.w.org\/{rel}","templated":true}]}}