{"id":1169,"date":"2020-11-02T16:15:03","date_gmt":"2020-11-02T14:15:03","guid":{"rendered":"https:\/\/valdauto.lt\/?post_type=product&#038;p=1169"},"modified":"2020-11-02T16:15:03","modified_gmt":"2020-11-02T14:15:03","slug":"mercedes-benz-glc-x253-c253-priekines-arkos-apdaila-a2538890025","status":"publish","type":"product","link":"https:\/\/valdauto.lt\/?product=mercedes-benz-glc-x253-c253-priekines-arkos-apdaila-a2538890025","title":{"rendered":"MERCEDES-BENZ GLC (X253\/C253) PRIEKIN\u0116S ARKOS APDAILA A2538890025"},"content":{"rendered":"<p>GLC sparno apdaila<\/p>\n","protected":false},"excerpt":{"rendered":"<p>Kair\u0117 pus\u0117<\/p>\n","protected":false},"featured_media":1170,"template":"","meta":{"om_disable_all_campaigns":false,"_monsterinsights_skip_tracking":false,"_monsterinsights_sitenote_active":false,"_monsterinsights_sitenote_note":"","_monsterinsights_sitenote_category":0,"_uf_show_specific_survey":0,"_uf_disable_surveys":false,"slim_seo":{"title":"MERCEDES-BENZ GLC PRIEKIN\u0116S ARKOS APDAILA A2538890025","description":"Kair\u0117 pus\u0117"}},"product_brand":[],"product_cat":[20],"product_tag":[212],"class_list":{"0":"post-1169","1":"product","2":"type-product","3":"status-publish","4":"has-post-thumbnail","6":"product_cat-mercedes-benz-kebulo-dalys","7":"product_tag-a2538890025","9":"first","10":"instock","11":"taxable","12":"shipping-taxable","13":"purchasable","14":"product-type-simple","15":"berocket_lgv_grid","16":"berocket_lgv_list_grid"},"_links":{"self":[{"href":"https:\/\/valdauto.lt\/index.php?rest_route=\/wp\/v2\/product\/1169","targetHints":{"allow":["GET"]}}],"collection":[{"href":"https:\/\/valdauto.lt\/index.php?rest_route=\/wp\/v2\/product"}],"about":[{"href":"https:\/\/valdauto.lt\/index.php?rest_route=\/wp\/v2\/types\/product"}],"version-history":[{"count":1,"href":"https:\/\/valdauto.lt\/index.php?rest_route=\/wp\/v2\/product\/1169\/revisions"}],"predecessor-version":[{"id":1171,"href":"https:\/\/valdauto.lt\/index.php?rest_route=\/wp\/v2\/product\/1169\/revisions\/1171"}],"wp:featuredmedia":[{"embeddable":true,"href":"https:\/\/valdauto.lt\/index.php?rest_route=\/wp\/v2\/media\/1170"}],"wp:attachment":[{"href":"https:\/\/valdauto.lt\/index.php?rest_route=%2Fwp%2Fv2%2Fmedia&parent=1169"}],"wp:term":[{"taxonomy":"product_brand","embeddable":true,"href":"https:\/\/valdauto.lt\/index.php?rest_route=%2Fwp%2Fv2%2Fproduct_brand&post=1169"},{"taxonomy":"product_cat","embeddable":true,"href":"https:\/\/valdauto.lt\/index.php?rest_route=%2Fwp%2Fv2%2Fproduct_cat&post=1169"},{"taxonomy":"product_tag","embeddable":true,"href":"https:\/\/valdauto.lt\/index.php?rest_route=%2Fwp%2Fv2%2Fproduct_tag&post=1169"}],"curies":[{"name":"wp","href":"https:\/\/api.w.org\/{rel}","templated":true}]}}