{"id":1166,"date":"2020-11-02T14:42:41","date_gmt":"2020-11-02T12:42:41","guid":{"rendered":"https:\/\/valdauto.lt\/?post_type=product&#038;p=1166"},"modified":"2020-11-02T14:42:41","modified_gmt":"2020-11-02T12:42:41","slug":"bmw-f30-lci-desines-puses-zibinto-blokas-63117419618","status":"publish","type":"product","link":"https:\/\/valdauto.lt\/?product=bmw-f30-lci-desines-puses-zibinto-blokas-63117419618","title":{"rendered":"BMW F30 LCI de\u0161in\u0117s pus\u0117s \u017eibinto blokas 63117419618"},"content":{"rendered":"<p>F30 LCI USA varianto . De\u0161in\u0117 pus\u0117<\/p>\n","protected":false},"excerpt":{"rendered":"<p>F30 LCI USA varianto<\/p>\n","protected":false},"featured_media":1167,"template":"","meta":{"om_disable_all_campaigns":false,"_monsterinsights_skip_tracking":false,"_monsterinsights_sitenote_active":false,"_monsterinsights_sitenote_note":"","_monsterinsights_sitenote_category":0,"_uf_show_specific_survey":0,"_uf_disable_surveys":false,"slim_seo":{"title":"BMW F30 LCI de\u0161in\u0117s pus\u0117s \u017eibinto blokas 63117419618","description":"F30 LCI USA varianto"}},"product_brand":[],"product_cat":[47],"product_tag":[211],"class_list":{"0":"post-1166","1":"product","2":"type-product","3":"status-publish","4":"has-post-thumbnail","6":"product_cat-bmw-zibintai","7":"product_tag-211","9":"first","10":"instock","11":"taxable","12":"shipping-taxable","13":"purchasable","14":"product-type-simple","15":"berocket_lgv_grid","16":"berocket_lgv_list_grid"},"_links":{"self":[{"href":"https:\/\/valdauto.lt\/index.php?rest_route=\/wp\/v2\/product\/1166","targetHints":{"allow":["GET"]}}],"collection":[{"href":"https:\/\/valdauto.lt\/index.php?rest_route=\/wp\/v2\/product"}],"about":[{"href":"https:\/\/valdauto.lt\/index.php?rest_route=\/wp\/v2\/types\/product"}],"version-history":[{"count":1,"href":"https:\/\/valdauto.lt\/index.php?rest_route=\/wp\/v2\/product\/1166\/revisions"}],"predecessor-version":[{"id":1168,"href":"https:\/\/valdauto.lt\/index.php?rest_route=\/wp\/v2\/product\/1166\/revisions\/1168"}],"wp:featuredmedia":[{"embeddable":true,"href":"https:\/\/valdauto.lt\/index.php?rest_route=\/wp\/v2\/media\/1167"}],"wp:attachment":[{"href":"https:\/\/valdauto.lt\/index.php?rest_route=%2Fwp%2Fv2%2Fmedia&parent=1166"}],"wp:term":[{"taxonomy":"product_brand","embeddable":true,"href":"https:\/\/valdauto.lt\/index.php?rest_route=%2Fwp%2Fv2%2Fproduct_brand&post=1166"},{"taxonomy":"product_cat","embeddable":true,"href":"https:\/\/valdauto.lt\/index.php?rest_route=%2Fwp%2Fv2%2Fproduct_cat&post=1166"},{"taxonomy":"product_tag","embeddable":true,"href":"https:\/\/valdauto.lt\/index.php?rest_route=%2Fwp%2Fv2%2Fproduct_tag&post=1166"}],"curies":[{"name":"wp","href":"https:\/\/api.w.org\/{rel}","templated":true}]}}