{"id":2112,"date":"2022-12-11T00:51:20","date_gmt":"2022-12-10T22:51:20","guid":{"rendered":"https:\/\/valdauto.lt\/?page_id=2112"},"modified":"2022-12-11T00:58:05","modified_gmt":"2022-12-10T22:58:05","slug":"automobiliu-daliu-prekyba","status":"publish","type":"page","link":"https:\/\/valdauto.lt\/?page_id=2112","title":{"rendered":"Automobili\u0173 dali\u0173 prekyba\u00a0"},"content":{"rendered":"\t\t<div data-elementor-type=\"wp-page\" data-elementor-id=\"2112\" class=\"elementor elementor-2112\" data-elementor-post-type=\"page\">\n\t\t\t\t\t\t<section class=\"elementor-section elementor-top-section elementor-element elementor-element-21ff2f6 elementor-section-boxed elementor-section-height-default elementor-section-height-default\" data-id=\"21ff2f6\" data-element_type=\"section\" data-e-type=\"section\">\n\t\t\t\t\t\t<div class=\"elementor-container elementor-column-gap-default\">\n\t\t\t\t\t<div class=\"elementor-column elementor-col-100 elementor-top-column elementor-element elementor-element-4506ee3\" data-id=\"4506ee3\" data-element_type=\"column\" data-e-type=\"column\">\n\t\t\t<div class=\"elementor-widget-wrap elementor-element-populated\">\n\t\t\t\t\t\t<div class=\"elementor-element elementor-element-4f9d1b2 elementor-widget elementor-widget-text-editor\" data-id=\"4f9d1b2\" data-element_type=\"widget\" data-e-type=\"widget\" data-widget_type=\"text-editor.default\">\n\t\t\t\t<div class=\"elementor-widget-container\">\n\t\t\t\t\t\t\t\t\t<p>Galime pasi\u016blyti plat\u0173 pasirinkim\u0105 automobili\u0173 dali\u0173.\u00a0<\/p><p>Savo sand\u0117lyje\u00a0turime originali\u0173 naudot\u0173\u00a0dali\u0173 , asortimentas spar\u010diai kei\u010diasi nuo esamo poreikio.<\/p><p>Taip pat galime pasi\u016blyti nauj\u0173 originali\u0173 dali\u0173 u\u017e \u017eemesn\u0119 nei rinkos atstov\u0173 kain\u0105 ( kaina taikomo klientams, remontuojantiems pas mus\u00a0automobil\u012f arba pirkus m\u016bs\u0173 automobil\u012f ).<\/p><p><strong>D\u0117l naudot\u0173 dali\u0173 kreiptis nurodytais kontaktais .<\/strong><\/p><p><strong>Elektronin\u0117s prekybos nevykdome\u00a0!!!<\/strong><\/p>\t\t\t\t\t\t\t\t<\/div>\n\t\t\t\t<\/div>\n\t\t\t\t\t<\/div>\n\t\t<\/div>\n\t\t\t\t\t<\/div>\n\t\t<\/section>\n\t\t\t\t<\/div>\n\t\t","protected":false},"excerpt":{"rendered":"<p>Galime pasi\u016blyti plat\u0173 pasirinkim\u0105 automobili\u0173 dali\u0173.\u00a0 Savo sand\u0117lyje\u00a0turime originali\u0173 naudot\u0173\u00a0dali\u0173 , asortimentas spar\u010diai kei\u010diasi nuo esamo poreikio. Taip pat galime pasi\u016blyti nauj\u0173 originali\u0173 dali\u0173 u\u017e \u017eemesn\u0119 nei rinkos atstov\u0173 kain\u0105 ( kaina taikomo klientams, remontuojantiems pas mus\u00a0automobil\u012f arba pirkus m\u016bs\u0173 automobil\u012f ). D\u0117l naudot\u0173 dali\u0173 kreiptis nurodytais kontaktais . Elektronin\u0117s prekybos nevykdome\u00a0!!!<\/p>\n","protected":false},"author":1,"featured_media":0,"parent":0,"menu_order":0,"comment_status":"closed","ping_status":"closed","template":"","meta":{"om_disable_all_campaigns":false,"_monsterinsights_skip_tracking":false,"_monsterinsights_sitenote_active":false,"_monsterinsights_sitenote_note":"","_monsterinsights_sitenote_category":0,"_uf_show_specific_survey":0,"_uf_disable_surveys":false,"slim_seo":{"title":"Automobili\u0173 dali\u0173 prekyba\u00a0","description":"Mercedes Benz dali\u0173 prekyba\u00a0"},"footnotes":""},"class_list":["post-2112","page","type-page","status-publish","hentry"],"_links":{"self":[{"href":"https:\/\/valdauto.lt\/index.php?rest_route=\/wp\/v2\/pages\/2112","targetHints":{"allow":["GET"]}}],"collection":[{"href":"https:\/\/valdauto.lt\/index.php?rest_route=\/wp\/v2\/pages"}],"about":[{"href":"https:\/\/valdauto.lt\/index.php?rest_route=\/wp\/v2\/types\/page"}],"author":[{"embeddable":true,"href":"https:\/\/valdauto.lt\/index.php?rest_route=\/wp\/v2\/users\/1"}],"replies":[{"embeddable":true,"href":"https:\/\/valdauto.lt\/index.php?rest_route=%2Fwp%2Fv2%2Fcomments&post=2112"}],"version-history":[{"count":4,"href":"https:\/\/valdauto.lt\/index.php?rest_route=\/wp\/v2\/pages\/2112\/revisions"}],"predecessor-version":[{"id":2117,"href":"https:\/\/valdauto.lt\/index.php?rest_route=\/wp\/v2\/pages\/2112\/revisions\/2117"}],"wp:attachment":[{"href":"https:\/\/valdauto.lt\/index.php?rest_route=%2Fwp%2Fv2%2Fmedia&parent=2112"}],"curies":[{"name":"wp","href":"https:\/\/api.w.org\/{rel}","templated":true}]}}